Last updated on 2025-07-24 12:51:32 CEST.
Flavor | Version | Tinstall | Tcheck | Ttotal | Status | Flags |
---|---|---|---|---|---|---|
r-devel-linux-x86_64-debian-clang | 0.1.0 | 5.39 | 51.13 | 56.52 | OK | |
r-devel-linux-x86_64-debian-gcc | 0.1.0 | 4.70 | 39.90 | 44.60 | OK | |
r-devel-linux-x86_64-fedora-clang | 0.1.0 | 92.45 | OK | |||
r-devel-linux-x86_64-fedora-gcc | 0.1.0 | 85.59 | OK | |||
r-devel-windows-x86_64 | 0.1.0 | 9.00 | 70.00 | 79.00 | OK | |
r-patched-linux-x86_64 | 0.1.0 | 5.36 | 48.95 | 54.31 | OK | |
r-release-linux-x86_64 | 0.1.0 | 5.63 | 49.35 | 54.98 | OK | |
r-release-macos-arm64 | 0.1.0 | 31.00 | OK | |||
r-release-macos-x86_64 | 0.1.0 | 50.00 | OK | |||
r-release-windows-x86_64 | 0.1.0 | 8.00 | 66.00 | 74.00 | OK | |
r-oldrel-macos-arm64 | 0.1.0 | 30.00 | NOTE | |||
r-oldrel-macos-x86_64 | 0.1.0 | 41.00 | NOTE | |||
r-oldrel-windows-x86_64 | 0.1.0 | 9.00 | 76.00 | 85.00 | NOTE |
Version: 0.1.0
Check: LazyData
Result: NOTE
'LazyData' is specified without a 'data' directory
Flavors: r-oldrel-macos-arm64, r-oldrel-macos-x86_64, r-oldrel-windows-x86_64