Last updated on 2025-05-06 12:49:44 CEST.
Flavor | Version | Tinstall | Tcheck | Ttotal | Status | Flags |
---|---|---|---|---|---|---|
r-devel-linux-x86_64-debian-clang | 0.8.0 | 26.88 | 71.57 | 98.45 | NOTE | |
r-devel-linux-x86_64-debian-gcc | 0.8.0 | 15.10 | 48.50 | 63.60 | NOTE | |
r-devel-linux-x86_64-fedora-clang | 0.8.0 | 155.70 | OK | |||
r-devel-linux-x86_64-fedora-gcc | 0.8.0 | 155.51 | OK | |||
r-devel-windows-x86_64 | 0.8.0 | 26.00 | 108.00 | 134.00 | OK | |
r-patched-linux-x86_64 | 0.8.0 | 23.49 | 66.26 | 89.75 | OK | |
r-release-linux-x86_64 | 0.8.0 | 22.36 | 66.51 | 88.87 | OK | |
r-release-macos-arm64 | 0.8.0 | 40.00 | OK | |||
r-release-macos-x86_64 | 0.8.0 | 81.00 | OK | |||
r-release-windows-x86_64 | 0.8.0 | 28.00 | 102.00 | 130.00 | OK | |
r-oldrel-macos-arm64 | 0.8.0 | 38.00 | NOTE | |||
r-oldrel-macos-x86_64 | 0.8.0 | 57.00 | NOTE | |||
r-oldrel-windows-x86_64 | 0.8.0 | 27.00 | 125.00 | 152.00 | OK |
Version: 0.8.0
Check: CRAN incoming feasibility
Result: NOTE
Maintainer: ‘Oleg Badunenko <oleg.badunenko@brunel.ac.uk>’
No Authors@R field in DESCRIPTION.
Please add one, modifying
Authors@R: c(person(given = "Oleg",
family = "Badunenko",
role = c("aut", "cre"),
email = "oleg.badunenko@brunel.ac.uk"),
person(given = "Pavlo",
family = "Mozharovskyi",
role = "aut"),
person(given = "Yaryna",
family = "Kolomiytseva",
role = "aut"))
as necessary.
Flavors: r-devel-linux-x86_64-debian-clang, r-devel-linux-x86_64-debian-gcc
Version: 0.8.0
Check: package dependencies
Result: NOTE
Package suggested but not available for checking: ‘Rmpi’
Flavors: r-oldrel-macos-arm64, r-oldrel-macos-x86_64