Last updated on 2025-05-03 21:51:25 CEST.
Flavor | Version | Tinstall | Tcheck | Ttotal | Status | Flags |
---|---|---|---|---|---|---|
r-devel-linux-x86_64-debian-clang | 0.0.3 | 12.50 | 89.56 | 102.06 | NOTE | |
r-devel-linux-x86_64-debian-gcc | 0.0.3 | 7.26 | 63.64 | 70.90 | NOTE | |
r-devel-linux-x86_64-fedora-clang | 0.0.3 | 157.31 | NOTE | |||
r-devel-linux-x86_64-fedora-gcc | 0.0.3 | 156.93 | NOTE | |||
r-devel-windows-x86_64 | 0.0.3 | 11.00 | 94.00 | 105.00 | OK | |
r-patched-linux-x86_64 | 0.0.3 | 10.43 | 82.89 | 93.32 | OK | |
r-release-linux-x86_64 | OK | |||||
r-release-macos-arm64 | 0.0.3 | 43.00 | OK | |||
r-release-macos-x86_64 | 0.0.3 | 81.00 | OK | |||
r-release-windows-x86_64 | 0.0.3 | 13.00 | 93.00 | 106.00 | OK | |
r-oldrel-macos-arm64 | 0.0.3 | 39.00 | OK | |||
r-oldrel-macos-x86_64 | 0.0.3 | 113.00 | OK | |||
r-oldrel-windows-x86_64 | 0.0.3 | 16.00 | 121.00 | 137.00 | OK |
Version: 0.0.3
Check: CRAN incoming feasibility
Result: NOTE
Maintainer: ‘Artem Shramko <art.shramko@gmail.com>’
No Authors@R field in DESCRIPTION.
Please add one, modifying
Authors@R: person(given = "Artem",
family = "Shramko",
role = c("aut", "cre"),
email = "art.shramko@gmail.com")
as necessary.
Found the following \keyword or \concept entries
which likely give several index terms:
File ‘nsga3-package.Rd’:
\keyword{algorithm,}
\keyword{nsga3,}
\keyword{omptimisation,}
\keyword{optimisation,}
\keyword{preprocessing,}
\keyword{selection,}
\keyword{wrapper,}
Flavors: r-devel-linux-x86_64-debian-clang, r-devel-linux-x86_64-debian-gcc
Version: 0.0.3
Check: dependencies in R code
Result: NOTE
Namespace in Imports field not imported from: ‘xgboost’
All declared Imports should be used.
Flavors: r-devel-linux-x86_64-fedora-clang, r-devel-linux-x86_64-fedora-gcc