Last updated on 2024-06-17 06:50:25 CEST.
Flavor | Version | Tinstall | Tcheck | Ttotal | Status | Flags |
---|---|---|---|---|---|---|
r-devel-linux-x86_64-debian-clang | 1.0.1 | 50.36 | 47.68 | 98.04 | OK | |
r-devel-linux-x86_64-debian-gcc | 1.0.1 | 30.47 | 36.69 | 67.16 | OK | |
r-devel-linux-x86_64-fedora-clang | 1.0.1 | 149.50 | NOTE | |||
r-devel-linux-x86_64-fedora-gcc | 1.0.1 | 145.32 | NOTE | |||
r-devel-windows-x86_64 | 1.0.1 | 38.00 | 77.00 | 115.00 | OK | |
r-patched-linux-x86_64 | 1.0.1 | 40.83 | 46.23 | 87.06 | OK | |
r-release-linux-x86_64 | 1.0.1 | 42.28 | 45.95 | 88.23 | OK | |
r-release-macos-arm64 | 1.0.1 | 38.00 | OK | |||
r-release-macos-x86_64 | 1.0.1 | 51.00 | OK | |||
r-release-windows-x86_64 | 1.0.1 | 39.00 | 75.00 | 114.00 | OK | |
r-oldrel-macos-arm64 | 1.0.1 | 43.00 | OK | |||
r-oldrel-macos-x86_64 | 1.0.1 | 67.00 | OK | |||
r-oldrel-windows-x86_64 | 1.0.1 | 48.00 | 87.00 | 135.00 | OK |
Version: 1.0.1
Check: dependencies in R code
Result: NOTE
Namespace in Imports field not imported from: ‘pedtools’
All declared Imports should be used.
Flavors: r-devel-linux-x86_64-fedora-clang, r-devel-linux-x86_64-fedora-gcc