CRAN Package Check Results for Package nvmix

Last updated on 2025-05-03 21:51:25 CEST.

Flavor Version Tinstall Tcheck Ttotal Status Flags
r-devel-linux-x86_64-debian-clang 0.1-1 14.23 153.18 167.41 NOTE
r-devel-linux-x86_64-debian-gcc 0.1-1 10.58 110.91 121.49 NOTE
r-devel-linux-x86_64-fedora-clang 0.1-1 268.85 OK
r-devel-linux-x86_64-fedora-gcc 0.1-1 289.18 OK
r-devel-windows-x86_64 0.1-1 20.00 192.00 212.00 NOTE
r-patched-linux-x86_64 0.1-1 16.63 146.45 163.08 NOTE
r-release-linux-x86_64 NOTE
r-release-macos-arm64 0.1-1 83.00 OK
r-release-macos-x86_64 0.1-1 154.00 OK
r-release-windows-x86_64 0.1-1 19.00 193.00 212.00 NOTE
r-oldrel-macos-arm64 0.1-1 76.00 OK
r-oldrel-macos-x86_64 0.1-1 144.00 OK
r-oldrel-windows-x86_64 0.1-1 25.00 222.00 247.00 OK

Check Details

Version: 0.1-1
Check: Rd cross-references
Result: NOTE Found the following Rd file(s) with Rd \link{} targets missing package anchors: qqplot_maha.Rd: ad.test Please provide package anchors for all Rd \link{} targets not in the package itself and the base packages. Flavors: r-devel-linux-x86_64-debian-clang, r-devel-linux-x86_64-debian-gcc, r-devel-windows-x86_64, r-patched-linux-x86_64, r-release-linux-x86_64, r-release-windows-x86_64

Version: 0.1-1
Check: for unstated dependencies in ‘demo’
Result: NOTE 'library' or 'require' calls not declared from: ‘QRM’ ‘microbenchmark’ ‘mvtnorm’ ‘qrmtools’ ‘quadprog’ ‘rugarch’ ‘sensitivity’ ‘zoo’ Flavors: r-devel-linux-x86_64-debian-clang, r-devel-linux-x86_64-debian-gcc, r-patched-linux-x86_64, r-release-linux-x86_64