Last updated on 2025-05-06 21:52:04 CEST.
Flavor | Version | Tinstall | Tcheck | Ttotal | Status | Flags |
---|---|---|---|---|---|---|
r-devel-linux-x86_64-debian-clang | 0.2.0 | 3.40 | 27.37 | 30.77 | NOTE | |
r-devel-linux-x86_64-debian-gcc | 0.2.0 | 2.54 | 22.23 | 24.77 | NOTE | |
r-devel-linux-x86_64-fedora-clang | 0.2.0 | 48.01 | OK | |||
r-devel-linux-x86_64-fedora-gcc | 0.2.0 | 48.69 | OK | |||
r-devel-windows-x86_64 | 0.2.0 | 5.00 | 48.00 | 53.00 | OK | |
r-patched-linux-x86_64 | 0.2.0 | 2.99 | 26.58 | 29.57 | OK | |
r-release-linux-x86_64 | 0.2.0 | 3.44 | 26.57 | 30.01 | OK | |
r-release-macos-arm64 | 0.2.0 | 20.00 | OK | |||
r-release-macos-x86_64 | 0.2.0 | 32.00 | OK | |||
r-release-windows-x86_64 | 0.2.0 | 5.00 | 49.00 | 54.00 | OK | |
r-oldrel-macos-arm64 | 0.2.0 | 19.00 | OK | |||
r-oldrel-macos-x86_64 | 0.2.0 | 26.00 | OK | |||
r-oldrel-windows-x86_64 | 0.2.0 | 6.00 | 53.00 | 59.00 | OK |
Version: 0.2.0
Check: CRAN incoming feasibility
Result: NOTE
Maintainer: ‘Paul D. McNicholas <paulmc@mcmaster.ca>’
The Description field contains
(2022) <arXiv:1907.01136>.
Please refer to arXiv e-prints via their arXiv DOI <doi:10.48550/arXiv.YYMM.NNNNN>.
Flavors: r-devel-linux-x86_64-debian-clang, r-devel-linux-x86_64-debian-gcc