Last updated on 2025-07-23 03:50:54 CEST.
Flavor | Version | Tinstall | Tcheck | Ttotal | Status | Flags |
---|---|---|---|---|---|---|
r-devel-linux-x86_64-debian-clang | 1.0.2 | 12.34 | 223.60 | 235.94 | OK | |
r-devel-linux-x86_64-debian-gcc | 1.0.2 | 8.82 | 163.04 | 171.86 | OK | |
r-devel-linux-x86_64-fedora-clang | 1.0.3 | 394.08 | OK | |||
r-devel-linux-x86_64-fedora-gcc | 1.0.3 | 392.63 | OK | |||
r-devel-windows-x86_64 | 1.0.2 | 15.00 | 271.00 | 286.00 | OK | |
r-patched-linux-x86_64 | 1.0.2 | 12.34 | 210.29 | 222.63 | OK | |
r-release-linux-x86_64 | 1.0.2 | 10.91 | 213.48 | 224.39 | OK | |
r-release-macos-arm64 | 1.0.2 | 234.00 | OK | |||
r-release-macos-x86_64 | 1.0.3 | 297.00 | OK | |||
r-release-windows-x86_64 | 1.0.3 | 15.00 | 260.00 | 275.00 | OK | |
r-oldrel-macos-arm64 | 1.0.2 | 151.00 | NOTE | |||
r-oldrel-macos-x86_64 | 1.0.3 | 274.00 | NOTE | |||
r-oldrel-windows-x86_64 | 1.0.3 | 21.00 | 275.00 | 296.00 | NOTE |
Version: 1.0.2
Check: installed package size
Result: NOTE
installed size is 6.8Mb
sub-directories of 1Mb or more:
doc 6.1Mb
Flavor: r-oldrel-macos-arm64
Version: 1.0.3
Check: installed package size
Result: NOTE
installed size is 6.9Mb
sub-directories of 1Mb or more:
doc 6.1Mb
Flavors: r-oldrel-macos-x86_64, r-oldrel-windows-x86_64