CRAN Package Check Results for Package olctools

Last updated on 2025-05-03 21:51:25 CEST.

Flavor Version Tinstall Tcheck Ttotal Status Flags
r-devel-linux-x86_64-debian-clang 0.3.0 22.41 25.93 48.34 NOTE
r-devel-linux-x86_64-debian-gcc 0.3.0 16.21 21.10 37.31 NOTE
r-devel-linux-x86_64-fedora-clang 0.3.0 89.04 NOTE
r-devel-linux-x86_64-fedora-gcc 0.3.0 111.54 NOTE
r-devel-windows-x86_64 0.3.0 25.00 63.00 88.00 OK
r-patched-linux-x86_64 0.3.0 22.70 25.31 48.01 OK
r-release-linux-x86_64 OK
r-release-macos-arm64 0.3.0 32.00 OK
r-release-macos-x86_64 0.3.0 57.00 OK
r-release-windows-x86_64 0.3.0 26.00 66.00 92.00 OK
r-oldrel-macos-arm64 0.3.0 34.00 OK
r-oldrel-macos-x86_64 0.3.0 45.00 OK
r-oldrel-windows-x86_64 0.3.0 23.00 75.00 98.00 OK

Check Details

Version: 0.3.0
Check: CRAN incoming feasibility
Result: NOTE Maintainer: ‘Oliver Keyes <ironholds@gmail.com>’ No Authors@R field in DESCRIPTION. Please add one, modifying Authors@R: person(given = "Oliver", family = "Keyes", role = c("aut", "cre"), email = "ironholds@gmail.com") as necessary. Flavors: r-devel-linux-x86_64-debian-clang, r-devel-linux-x86_64-debian-gcc

Version: 0.3.0
Check: compiled code
Result: NOTE File ‘olctools/libs/olctools.so’: Found no calls to: ‘R_registerRoutines’, ‘R_useDynamicSymbols’ It is good practice to register native routines and to disable symbol search. See ‘Writing portable packages’ in the ‘Writing R Extensions’ manual. Flavors: r-devel-linux-x86_64-fedora-clang, r-devel-linux-x86_64-fedora-gcc