CRAN Package Check Results for Package ollggamma

Last updated on 2025-05-04 03:51:00 CEST.

Flavor Version Tinstall Tcheck Ttotal Status Flags
r-devel-linux-x86_64-debian-clang 1.0.2 1.52 20.31 21.83 NOTE
r-devel-linux-x86_64-debian-gcc 1.0.2 1.28 17.12 18.40 NOTE
r-devel-linux-x86_64-fedora-clang 1.0.2 34.11 OK
r-devel-linux-x86_64-fedora-gcc 1.0.2 33.58 OK
r-devel-windows-x86_64 1.0.2 3.00 48.00 51.00 OK
r-patched-linux-x86_64 1.0.2 1.57 19.38 20.95 OK
r-release-linux-x86_64 OK
r-release-macos-arm64 1.0.2 16.00 OK
r-release-macos-x86_64 1.0.2 28.00 OK
r-release-windows-x86_64 1.0.2 3.00 47.00 50.00 OK
r-oldrel-macos-arm64 1.0.2 16.00 NOTE
r-oldrel-macos-x86_64 1.0.2 23.00 NOTE
r-oldrel-windows-x86_64 1.0.2 2.00 50.00 52.00 NOTE

Check Details

Version: 1.0.2
Check: CRAN incoming feasibility
Result: NOTE Maintainer: ‘Matheus H. J. Saldanha <mhjsaldanha@gmail.com>’ The BugReports field in DESCRIPTION has https://github.com/matheushjs/ollggamma which should likely be https://github.com/matheushjs/ollggamma/issues instead. Flavors: r-devel-linux-x86_64-debian-clang, r-devel-linux-x86_64-debian-gcc

Version: 1.0.2
Check: LazyData
Result: NOTE 'LazyData' is specified without a 'data' directory Flavors: r-oldrel-macos-arm64, r-oldrel-macos-x86_64, r-oldrel-windows-x86_64