Last updated on 2025-05-03 21:51:25 CEST.
Flavor | Version | Tinstall | Tcheck | Ttotal | Status | Flags |
---|---|---|---|---|---|---|
r-devel-linux-x86_64-debian-clang | 2.12 | 2.17 | 45.59 | 47.76 | NOTE | |
r-devel-linux-x86_64-debian-gcc | 2.12 | 1.98 | 34.32 | 36.30 | NOTE | |
r-devel-linux-x86_64-fedora-clang | 2.12 | 73.56 | OK | |||
r-devel-linux-x86_64-fedora-gcc | 2.12 | 84.34 | OK | |||
r-devel-windows-x86_64 | 2.12 | 3.00 | 63.00 | 66.00 | OK | |
r-patched-linux-x86_64 | 2.12 | 2.73 | 43.97 | 46.70 | OK | |
r-release-linux-x86_64 | OK | |||||
r-release-macos-arm64 | 2.12 | 32.00 | OK | |||
r-release-macos-x86_64 | 2.12 | 56.00 | OK | |||
r-release-windows-x86_64 | 2.12 | 5.00 | 67.00 | 72.00 | OK | |
r-oldrel-macos-arm64 | 2.12 | 30.00 | OK | |||
r-oldrel-macos-x86_64 | 2.12 | 47.00 | OK | |||
r-oldrel-windows-x86_64 | 2.12 | 5.00 | 74.00 | 79.00 | OK |
Version: 2.12
Check: CRAN incoming feasibility
Result: NOTE
Maintainer: ‘Daniel Greene <dg333@cam.ac.uk>’
No Authors@R field in DESCRIPTION.
Please add one, modifying
Authors@R: person(given = "Daniel",
family = "Greene",
role = c("aut", "cre"),
email = "dg333@cam.ac.uk")
as necessary.
Flavors: r-devel-linux-x86_64-debian-clang, r-devel-linux-x86_64-debian-gcc