Last updated on 2025-05-03 21:51:25 CEST.
Flavor | Version | Tinstall | Tcheck | Ttotal | Status | Flags |
---|---|---|---|---|---|---|
r-devel-linux-x86_64-debian-clang | 0.2-7 | 3.41 | 37.36 | 40.77 | OK | |
r-devel-linux-x86_64-debian-gcc | 0.2-7 | 2.57 | 28.89 | 31.46 | NOTE | |
r-devel-linux-x86_64-fedora-clang | 0.2-7 | 66.42 | OK | |||
r-devel-linux-x86_64-fedora-gcc | 0.2-7 | 63.57 | OK | |||
r-devel-windows-x86_64 | 0.2-7 | 5.00 | 54.00 | 59.00 | OK | |
r-patched-linux-x86_64 | 0.2-7 | 3.51 | 35.43 | 38.94 | OK | |
r-release-linux-x86_64 | OK | |||||
r-release-macos-arm64 | 0.2-7 | 26.00 | OK | |||
r-release-macos-x86_64 | 0.2-7 | 37.00 | OK | |||
r-release-windows-x86_64 | 0.2-7 | 4.00 | 57.00 | 61.00 | OK | |
r-oldrel-macos-arm64 | 0.2-7 | 23.00 | NOTE | |||
r-oldrel-macos-x86_64 | 0.2-7 | 32.00 | NOTE | |||
r-oldrel-windows-x86_64 | 0.2-7 | 6.00 | 59.00 | 65.00 | NOTE |
Version: 0.2-7
Check: examples
Result: NOTE
Examples with CPU time > 2.5 times elapsed time
user system elapsed ratio
Maxent_POS_Tag_Annotator 3.92 0.189 1.601 2.567
Flavor: r-devel-linux-x86_64-debian-gcc
Version: 0.2-7
Check: package dependencies
Result: NOTE
Package suggested but not available for checking: ‘openNLPmodels.en’
Flavors: r-oldrel-macos-arm64, r-oldrel-macos-x86_64, r-oldrel-windows-x86_64