CRAN Package Check Results for Package openssl

Last updated on 2025-05-03 12:54:49 CEST.

Flavor Version Tinstall Tcheck Ttotal Status Flags
r-devel-linux-x86_64-debian-clang 2.3.2 13.37 49.90 63.27 OK
r-devel-linux-x86_64-debian-gcc 2.3.2 8.79 38.83 47.62 OK
r-devel-linux-x86_64-fedora-clang 2.3.2 102.66 OK
r-devel-linux-x86_64-fedora-gcc 2.3.2 112.29 OK
r-devel-windows-x86_64 2.3.2 41.00 129.00 170.00 OK
r-patched-linux-x86_64 2.3.2 11.01 47.03 58.04 OK
r-release-linux-x86_64 OK
r-release-macos-arm64 2.3.2 59.00 ERROR
r-release-macos-x86_64 2.3.2 69.00 NOTE
r-release-windows-x86_64 2.3.2 40.00 132.00 172.00 OK
r-oldrel-macos-arm64 2.3.2 49.00 NOTE
r-oldrel-macos-x86_64 2.3.2 125.00 NOTE
r-oldrel-windows-x86_64 2.3.2 43.00 163.00 206.00 NOTE

Check Details

Version: 2.3.2
Check: re-building of vignette outputs
Result: ERROR Error(s) in re-building vignettes: --- re-building ‘bignum.Rmd’ using rmarkdown Error: processing vignette 'bignum.Rmd' failed with diagnostics: there is no package called ‘sass’ --- failed re-building ‘bignum.Rmd’ --- re-building ‘crypto_hashing.Rmd’ using rmarkdown Error: processing vignette 'crypto_hashing.Rmd' failed with diagnostics: there is no package called ‘sass’ --- failed re-building ‘crypto_hashing.Rmd’ --- re-building ‘keys.Rmd’ using rmarkdown Error: processing vignette 'keys.Rmd' failed with diagnostics: there is no package called ‘sass’ --- failed re-building ‘keys.Rmd’ --- re-building ‘secure_rng.Rmd’ using rmarkdown Error: processing vignette 'secure_rng.Rmd' failed with diagnostics: there is no package called ‘sass’ --- failed re-building ‘secure_rng.Rmd’ SUMMARY: processing the following files failed: ‘bignum.Rmd’ ‘crypto_hashing.Rmd’ ‘keys.Rmd’ ‘secure_rng.Rmd’ Error: Vignette re-building failed. Execution halted Flavor: r-release-macos-arm64

Version: 2.3.2
Check: package vignettes
Result: NOTE Package has ‘vignettes’ subdirectory but apparently no vignettes. Perhaps the ‘VignetteBuilder’ information is missing from the DESCRIPTION file? Flavor: r-release-macos-x86_64

Version: 2.3.2
Check: installed package size
Result: NOTE installed size is 8.5Mb sub-directories of 1Mb or more: doc 2.6Mb libs 5.5Mb Flavors: r-oldrel-macos-arm64, r-oldrel-macos-x86_64, r-oldrel-windows-x86_64