Last updated on 2025-05-03 12:54:49 CEST.
Flavor | Version | Tinstall | Tcheck | Ttotal | Status | Flags |
---|---|---|---|---|---|---|
r-devel-linux-x86_64-debian-clang | 1.8.0 | 12.90 | 117.50 | 130.40 | NOTE | |
r-devel-linux-x86_64-debian-gcc | 1.8.0 | 7.39 | 82.66 | 90.05 | NOTE | |
r-devel-linux-x86_64-fedora-clang | 1.8.0 | 197.18 | NOTE | |||
r-devel-linux-x86_64-fedora-gcc | 1.8.0 | 206.84 | NOTE | |||
r-devel-windows-x86_64 | 1.8.0 | 12.00 | 122.00 | 134.00 | NOTE | |
r-patched-linux-x86_64 | 1.8.0 | 11.39 | 110.52 | 121.91 | NOTE | |
r-release-linux-x86_64 | NOTE | |||||
r-release-macos-arm64 | 1.8.0 | 62.00 | NOTE | |||
r-release-macos-x86_64 | 1.8.0 | 133.00 | NOTE | |||
r-release-windows-x86_64 | 1.8.0 | 15.00 | 121.00 | 136.00 | NOTE | |
r-oldrel-macos-arm64 | 1.8.0 | 64.00 | NOTE | |||
r-oldrel-macos-x86_64 | 1.8.0 | 95.00 | NOTE | |||
r-oldrel-windows-x86_64 | 1.8.0 | 17.00 | 155.00 | 172.00 | NOTE |
Version: 1.8.0
Check: CRAN incoming feasibility
Result: NOTE
Maintainer: ‘Monsuru Adepeju <monsuur2010@yahoo.com>’
No Authors@R field in DESCRIPTION.
Please add one, modifying
Authors@R: c(person(given = "Monsuru",
family = "Adepeju,",
role = c("cre", "aut")),
person(given = "Monsuru",
family = "Adepeju",
role = "cre",
email = "monsuur2010@yahoo.com"))
as necessary.
The BugReports field in DESCRIPTION has
https://github.com/MAnalytics/opitools/issues/1
which should likely be
https://github.com/MAnalytics/opitools/issues/1/issues
instead.
Flavors: r-devel-linux-x86_64-debian-clang, r-devel-linux-x86_64-debian-gcc
Version: 1.8.0
Check: package subdirectories
Result: NOTE
Problems with news in ‘NEWS.md’:
No news entries found.
Flavors: r-devel-linux-x86_64-debian-clang, r-devel-linux-x86_64-debian-gcc, r-devel-linux-x86_64-fedora-clang, r-devel-linux-x86_64-fedora-gcc, r-devel-windows-x86_64, r-patched-linux-x86_64, r-release-linux-x86_64, r-release-macos-arm64, r-release-macos-x86_64, r-release-windows-x86_64, r-oldrel-macos-arm64, r-oldrel-macos-x86_64, r-oldrel-windows-x86_64
Version: 1.8.0
Check: Rd files
Result: NOTE
checkRd: (-1) word_imp.Rd:14: Lost braces
14 | number of individual records. An \code{n} x code{2} dataframe can
| ^
Flavors: r-devel-linux-x86_64-debian-clang, r-devel-linux-x86_64-debian-gcc, r-devel-linux-x86_64-fedora-clang, r-devel-linux-x86_64-fedora-gcc, r-devel-windows-x86_64, r-patched-linux-x86_64, r-release-linux-x86_64, r-release-macos-arm64, r-release-macos-x86_64, r-release-windows-x86_64, r-oldrel-macos-arm64, r-oldrel-macos-x86_64, r-oldrel-windows-x86_64