CRAN Package Check Results for Package optBiomarker

Last updated on 2025-07-25 21:49:48 CEST.

Flavor Version Tinstall Tcheck Ttotal Status Flags
r-devel-linux-x86_64-debian-clang 1.0-28 12.67 93.50 106.17 NOTE
r-devel-linux-x86_64-debian-gcc 1.0-28 9.99 79.34 89.33 NOTE
r-devel-linux-x86_64-fedora-clang 1.0-28 169.03 OK
r-devel-linux-x86_64-fedora-gcc 1.0-28 163.07 OK
r-devel-windows-x86_64 1.0-28 13.00 99.00 112.00 OK
r-patched-linux-x86_64 1.0-28 13.50 89.49 102.99 OK
r-release-linux-x86_64 1.0-28 13.28 89.71 102.99 OK
r-release-macos-arm64 1.0-28 68.00 OK
r-release-macos-x86_64 1.0-28 91.00 OK
r-release-windows-x86_64 1.0-28 11.00 102.00 113.00 OK
r-oldrel-macos-arm64 1.0-28 68.00 OK
r-oldrel-macos-x86_64 1.0-28 75.00 OK
r-oldrel-windows-x86_64 1.0-28 16.00 125.00 141.00 OK

Check Details

Version: 1.0-28
Check: CRAN incoming feasibility
Result: NOTE Maintainer: ‘Mizanur Khondoker <mizanur.khondoker@gmail.com>’ No Authors@R field in DESCRIPTION. Please add one, modifying Authors@R: person(given = "Mizanur", family = "Khondoker", role = c("aut", "cre"), email = "mizanur.khondoker@gmail.com") as necessary. Flavors: r-devel-linux-x86_64-debian-clang, r-devel-linux-x86_64-debian-gcc