Last updated on 2025-05-07 12:50:30 CEST.
Flavor | Version | Tinstall | Tcheck | Ttotal | Status | Flags |
---|---|---|---|---|---|---|
r-devel-linux-x86_64-debian-clang | 1.2.5 | 2.43 | 21.61 | 24.04 | NOTE | |
r-devel-linux-x86_64-debian-gcc | 1.2.5 | 1.90 | 17.35 | 19.25 | NOTE | |
r-devel-linux-x86_64-fedora-clang | 1.2.5 | 38.39 | OK | |||
r-devel-linux-x86_64-fedora-gcc | 1.2.5 | 36.21 | OK | |||
r-devel-windows-x86_64 | 1.2.5 | 3.00 | 45.00 | 48.00 | OK | |
r-patched-linux-x86_64 | 1.2.5 | 2.53 | 20.29 | 22.82 | OK | |
r-release-linux-x86_64 | 1.2.5 | 2.26 | 20.49 | 22.75 | OK | |
r-release-macos-arm64 | 1.2.5 | 15.00 | OK | |||
r-release-macos-x86_64 | 1.2.5 | 26.00 | OK | |||
r-release-windows-x86_64 | 1.2.5 | 5.00 | 58.00 | 63.00 | OK | |
r-oldrel-macos-arm64 | 1.2.5 | 15.00 | OK | |||
r-oldrel-macos-x86_64 | 1.2.5 | 20.00 | OK | |||
r-oldrel-windows-x86_64 | 1.2.5 | 4.00 | 44.00 | 48.00 | OK |
Version: 1.2.5
Check: CRAN incoming feasibility
Result: NOTE
Maintainer: ‘Prakash <prakash2@uwalumni.com>’
No Authors@R field in DESCRIPTION.
Please add one, modifying
Authors@R: person(family = "Prakash",
role = c("aut", "cre"),
email = "prakash2@uwalumni.com",
comment = "PKS Prakash")
as necessary.
Flavors: r-devel-linux-x86_64-debian-clang, r-devel-linux-x86_64-debian-gcc