Last updated on 2024-06-16 11:58:02 CEST.
Flavor | Version | Tinstall | Tcheck | Ttotal | Status | Flags |
---|---|---|---|---|---|---|
r-devel-linux-x86_64-debian-clang | 0.2.0 | 2.56 | 234.76 | 237.32 | OK | |
r-devel-linux-x86_64-debian-gcc | 0.2.0 | 2.18 | 157.53 | 159.71 | OK | |
r-devel-linux-x86_64-fedora-clang | 0.2.0 | 278.12 | NOTE | |||
r-devel-linux-x86_64-fedora-gcc | 0.2.0 | 281.56 | NOTE | |||
r-devel-windows-x86_64 | 0.2.0 | 3.00 | 187.00 | 190.00 | OK | |
r-patched-linux-x86_64 | 0.2.0 | 3.20 | 221.92 | 225.12 | OK | |
r-release-linux-x86_64 | 0.2.0 | 3.23 | 223.20 | 226.43 | OK | |
r-release-macos-arm64 | 0.2.0 | 84.00 | OK | |||
r-release-macos-x86_64 | 0.2.0 | 166.00 | OK | |||
r-release-windows-x86_64 | 0.2.0 | 3.00 | 190.00 | 193.00 | OK | |
r-oldrel-macos-arm64 | 0.2.0 | 82.00 | OK | |||
r-oldrel-macos-x86_64 | 0.2.0 | 144.00 | OK | |||
r-oldrel-windows-x86_64 | 0.2.0 | 4.00 | 219.00 | 223.00 | OK |
Version: 0.2.0
Check: dependencies in R code
Result: NOTE
Namespace in Imports field not imported from: ‘methods’
All declared Imports should be used.
Flavors: r-devel-linux-x86_64-fedora-clang, r-devel-linux-x86_64-fedora-gcc