Last updated on 2025-05-03 21:51:26 CEST.
Flavor | Version | Tinstall | Tcheck | Ttotal | Status | Flags |
---|---|---|---|---|---|---|
r-devel-linux-x86_64-debian-clang | 0.2.5 | 10.82 | 90.67 | 101.49 | NOTE | |
r-devel-linux-x86_64-debian-gcc | 0.2.5 | 8.04 | 65.16 | 73.20 | NOTE | |
r-devel-linux-x86_64-fedora-clang | 0.2.5 | 165.23 | NOTE | |||
r-devel-linux-x86_64-fedora-gcc | 0.2.5 | 151.29 | NOTE | |||
r-devel-windows-x86_64 | 0.2.5 | 13.00 | 92.00 | 105.00 | NOTE | |
r-patched-linux-x86_64 | 0.2.5 | 11.20 | 84.10 | 95.30 | NOTE | |
r-release-linux-x86_64 | NOTE | |||||
r-release-macos-arm64 | 0.2.5 | 39.00 | NOTE | |||
r-release-macos-x86_64 | 0.2.5 | 82.00 | NOTE | |||
r-release-windows-x86_64 | 0.2.5 | 14.00 | 92.00 | 106.00 | NOTE | |
r-oldrel-macos-arm64 | 0.2.5 | 40.00 | NOTE | |||
r-oldrel-macos-x86_64 | 0.2.5 | 64.00 | NOTE | |||
r-oldrel-windows-x86_64 | 0.2.5 | 17.00 | 117.00 | 134.00 | NOTE |
Version: 0.2.5
Check: CRAN incoming feasibility
Result: NOTE
Maintainer: ‘Noah Greifer <noah.greifer@gmail.com>’
No Authors@R field in DESCRIPTION.
Please add one, modifying
Authors@R: person(given = "Noah",
family = "Greifer",
role = c("aut", "cre"),
email = "noah.greifer@gmail.com")
as necessary.
Flavors: r-devel-linux-x86_64-debian-clang, r-devel-linux-x86_64-debian-gcc
Version: 0.2.5
Check: package subdirectories
Result: NOTE
Problems with news in ‘NEWS.md’:
No news entries found.
Flavors: r-devel-linux-x86_64-debian-clang, r-devel-linux-x86_64-debian-gcc, r-devel-linux-x86_64-fedora-clang, r-devel-linux-x86_64-fedora-gcc, r-devel-windows-x86_64, r-patched-linux-x86_64, r-release-linux-x86_64, r-release-macos-arm64, r-release-macos-x86_64, r-release-windows-x86_64, r-oldrel-macos-arm64, r-oldrel-macos-x86_64, r-oldrel-windows-x86_64
Version: 0.2.5
Check: LazyData
Result: NOTE
'LazyData' is specified without a 'data' directory
Flavors: r-oldrel-macos-arm64, r-oldrel-macos-x86_64, r-oldrel-windows-x86_64