Last updated on 2025-05-05 21:51:12 CEST.
Flavor | Version | Tinstall | Tcheck | Ttotal | Status | Flags |
---|---|---|---|---|---|---|
r-devel-linux-x86_64-debian-clang | 0.2-6 | 2.29 | 25.21 | 27.50 | NOTE | |
r-devel-linux-x86_64-debian-gcc | 0.2-6 | 1.54 | 18.88 | 20.42 | NOTE | |
r-devel-linux-x86_64-fedora-clang | 0.2-6 | 45.24 | OK | |||
r-devel-linux-x86_64-fedora-gcc | 0.2-6 | 41.98 | OK | |||
r-devel-windows-x86_64 | 0.2-6 | 3.00 | 41.00 | 44.00 | OK | |
r-patched-linux-x86_64 | 0.2-6 | 2.29 | 24.34 | 26.63 | OK | |
r-release-linux-x86_64 | 0.2-6 | 2.18 | 25.12 | 27.30 | OK | |
r-release-macos-arm64 | 0.2-6 | 17.00 | OK | |||
r-release-macos-x86_64 | 0.2-6 | 27.00 | OK | |||
r-release-windows-x86_64 | 0.2-6 | 4.00 | 44.00 | 48.00 | OK | |
r-oldrel-macos-arm64 | 0.2-6 | 16.00 | OK | |||
r-oldrel-macos-x86_64 | 0.2-6 | 24.00 | OK | |||
r-oldrel-windows-x86_64 | 0.2-6 | 3.00 | 41.00 | 44.00 | OK |
Version: 0.2-6
Check: CRAN incoming feasibility
Result: NOTE
Maintainer: ‘Gero Szepannek <gero.szepannek@web.de>’
No Authors@R field in DESCRIPTION.
Please add one, modifying
Authors@R: person(given = "Gero",
family = "Szepannek",
role = c("aut", "cre"),
email = "gero.szepannek@web.de")
as necessary.
Flavors: r-devel-linux-x86_64-debian-clang, r-devel-linux-x86_64-debian-gcc