CRAN Package Check Results for Package orders

Last updated on 2025-07-22 12:49:40 CEST.

Flavor Version Tinstall Tcheck Ttotal Status Flags
r-devel-linux-x86_64-debian-clang 0.1.8 4.51 37.83 42.34 NOTE
r-devel-linux-x86_64-debian-gcc 0.1.8 3.59 28.78 32.37 NOTE
r-devel-linux-x86_64-fedora-clang 0.1.8 63.42 OK
r-devel-linux-x86_64-fedora-gcc 0.1.8 61.70 OK
r-devel-windows-x86_64 0.1.8 5.00 59.00 64.00 OK
r-patched-linux-x86_64 0.1.8 4.44 34.91 39.35 OK
r-release-linux-x86_64 0.1.8 3.99 35.50 39.49 OK
r-release-macos-arm64 0.1.8 25.00 OK
r-release-macos-x86_64 0.1.8 45.00 OK
r-release-windows-x86_64 0.1.8 5.00 69.00 74.00 OK
r-oldrel-macos-arm64 0.1.8 23.00 OK
r-oldrel-macos-x86_64 0.1.8 47.00 OK
r-oldrel-windows-x86_64 0.1.8 5.00 70.00 75.00 OK

Check Details

Version: 0.1.8
Check: CRAN incoming feasibility
Result: NOTE Maintainer: ‘Carlos Alberto Cardozo Delgado <cardozorpackages@gmail.com>’ No Authors@R field in DESCRIPTION. Please add one, modifying Authors@R: person(given = c("Carlos", "Alberto", "Cardozo"), family = "Delgado", role = c("aut", "cre"), email = "cardozorpackages@gmail.com") as necessary. Flavors: r-devel-linux-x86_64-debian-clang, r-devel-linux-x86_64-debian-gcc