Last updated on 2025-05-07 06:49:56 CEST.
Flavor | Version | Tinstall | Tcheck | Ttotal | Status | Flags |
---|---|---|---|---|---|---|
r-devel-linux-x86_64-debian-clang | 1.0 | 7.37 | 61.57 | 68.94 | NOTE | |
r-devel-linux-x86_64-debian-gcc | 1.0 | 5.10 | 44.38 | 49.48 | NOTE | |
r-devel-linux-x86_64-fedora-clang | 1.0 | 110.30 | OK | |||
r-devel-linux-x86_64-fedora-gcc | 1.0 | 102.69 | OK | |||
r-devel-windows-x86_64 | 1.0 | 7.00 | 72.00 | 79.00 | OK | |
r-patched-linux-x86_64 | 1.0 | 6.57 | 59.04 | 65.61 | OK | |
r-release-linux-x86_64 | 1.0 | 6.52 | 59.00 | 65.52 | OK | |
r-release-macos-arm64 | 1.0 | 38.00 | OK | |||
r-release-macos-x86_64 | 1.0 | 75.00 | OK | |||
r-release-windows-x86_64 | 1.0 | 8.00 | 82.00 | 90.00 | OK | |
r-oldrel-macos-arm64 | 1.0 | 33.00 | OK | |||
r-oldrel-macos-x86_64 | 1.0 | 52.00 | OK | |||
r-oldrel-windows-x86_64 | 1.0 | 11.00 | 90.00 | 101.00 | OK |
Version: 1.0
Check: CRAN incoming feasibility
Result: NOTE
Maintainer: ‘James A. Fordyce <jfordyce@utk.edu>’
No Authors@R field in DESCRIPTION.
Please add one, modifying
Authors@R: c(person(given = "James",
family = "Fordyce",
role = "aut"),
person(given = c("James", "A."),
family = "Fordyce",
role = "cre",
email = "jfordyce@utk.edu"))
as necessary.
Flavors: r-devel-linux-x86_64-debian-clang, r-devel-linux-x86_64-debian-gcc