Last updated on 2024-06-17 06:50:25 CEST.
Flavor | Version | Tinstall | Tcheck | Ttotal | Status | Flags |
---|---|---|---|---|---|---|
r-devel-linux-x86_64-debian-clang | 2.4-3 | 102.37 | 37.08 | 139.45 | OK | |
r-devel-linux-x86_64-debian-gcc | 2.4-3 | 74.16 | 28.07 | 102.23 | OK | |
r-devel-linux-x86_64-fedora-clang | 2.4-3 | 222.05 | OK | |||
r-devel-linux-x86_64-fedora-gcc | 2.4-3 | 206.31 | OK | |||
r-devel-windows-x86_64 | 2.4-3 | 82.00 | 64.00 | 146.00 | OK | |
r-patched-linux-x86_64 | 2.4-3 | 90.15 | 35.48 | 125.63 | OK | |
r-release-linux-x86_64 | 2.4-3 | 86.83 | 35.37 | 122.20 | OK | |
r-release-macos-arm64 | 2.4-3 | 45.00 | NOTE | |||
r-release-macos-x86_64 | 2.4-3 | 52.00 | NOTE | |||
r-release-windows-x86_64 | 2.4-3 | 82.00 | 71.00 | 153.00 | OK | |
r-oldrel-macos-arm64 | 2.4-3 | 50.00 | NOTE | |||
r-oldrel-macos-x86_64 | 2.4-3 | 84.00 | NOTE | |||
r-oldrel-windows-x86_64 | 2.4-3 | 100.00 | 78.00 | 178.00 | OK |
Version: 2.4-3
Check: installed package size
Result: NOTE
installed size is 5.7Mb
sub-directories of 1Mb or more:
libs 5.6Mb
Flavors: r-release-macos-arm64, r-release-macos-x86_64, r-oldrel-macos-arm64, r-oldrel-macos-x86_64