Last updated on 2025-05-03 12:54:49 CEST.
Flavor | Version | Tinstall | Tcheck | Ttotal | Status | Flags |
---|---|---|---|---|---|---|
r-devel-linux-x86_64-debian-clang | 0.1.1 | 12.36 | 119.55 | 131.91 | NOTE | |
r-devel-linux-x86_64-debian-gcc | 0.1.1 | 8.10 | 81.93 | 90.03 | NOTE | |
r-devel-linux-x86_64-fedora-clang | 0.1.1 | 205.55 | NOTE | |||
r-devel-linux-x86_64-fedora-gcc | 0.1.1 | 208.09 | NOTE | |||
r-devel-windows-x86_64 | 0.1.1 | 14.00 | 142.00 | 156.00 | NOTE | |
r-patched-linux-x86_64 | 0.1.1 | 12.93 | 112.42 | 125.35 | NOTE | |
r-release-linux-x86_64 | NOTE | |||||
r-release-macos-arm64 | 0.1.1 | 62.00 | NOTE | |||
r-release-macos-x86_64 | 0.1.1 | 125.00 | NOTE | |||
r-release-windows-x86_64 | 0.1.1 | 16.00 | 137.00 | 153.00 | NOTE | |
r-oldrel-macos-arm64 | 0.1.1 | 59.00 | NOTE | |||
r-oldrel-macos-x86_64 | 0.1.1 | 96.00 | NOTE | |||
r-oldrel-windows-x86_64 | 0.1.1 | 18.00 | 166.00 | 184.00 | NOTE |
Version: 0.1.1
Check: Rd files
Result: NOTE
checkRd: (-1) lra-ord.Rd:54: Lost braces in \itemize; \value handles \item{}{} directly
checkRd: (-1) lra-ord.Rd:55-56: Lost braces in \itemize; \value handles \item{}{} directly
checkRd: (-1) lra-ord.Rd:57-58: Lost braces in \itemize; \value handles \item{}{} directly
checkRd: (-1) lra-ord.Rd:59: Lost braces in \itemize; \value handles \item{}{} directly
checkRd: (-1) lra-ord.Rd:60: Lost braces in \itemize; \value handles \item{}{} directly
Flavors: r-devel-linux-x86_64-debian-clang, r-devel-linux-x86_64-debian-gcc, r-devel-linux-x86_64-fedora-clang, r-devel-linux-x86_64-fedora-gcc, r-devel-windows-x86_64, r-patched-linux-x86_64, r-release-linux-x86_64, r-release-macos-arm64, r-release-macos-x86_64, r-release-windows-x86_64, r-oldrel-macos-arm64, r-oldrel-macos-x86_64, r-oldrel-windows-x86_64
Version: 0.1.1
Check: Rd cross-references
Result: NOTE
Found the following Rd file(s) with Rd \link{} targets missing package
anchors:
ordinate.Rd: tidyr_tidy_select
supplementation.Rd: fortify
tbl_ord.Rd: fortify
Please provide package anchors for all Rd \link{} targets not in the
package itself and the base packages.
Flavors: r-devel-linux-x86_64-debian-clang, r-devel-linux-x86_64-debian-gcc, r-devel-windows-x86_64, r-patched-linux-x86_64, r-release-linux-x86_64, r-release-windows-x86_64