Last updated on 2024-06-16 11:58:02 CEST.
Flavor | Version | Tinstall | Tcheck | Ttotal | Status | Flags |
---|---|---|---|---|---|---|
r-devel-linux-x86_64-debian-clang | 0.1.4 | 61.14 | 274.46 | 335.60 | NOTE | |
r-devel-linux-x86_64-debian-gcc | 0.1.4 | 39.80 | 179.50 | 219.30 | NOTE | |
r-devel-linux-x86_64-fedora-clang | 0.1.4 | 459.47 | NOTE | |||
r-devel-linux-x86_64-fedora-gcc | 0.1.4 | 459.61 | NOTE | |||
r-devel-windows-x86_64 | 0.1.4 | 46.00 | 199.00 | 245.00 | NOTE | |
r-patched-linux-x86_64 | 0.1.4 | 46.12 | 279.35 | 325.47 | NOTE | |
r-release-linux-x86_64 | 0.1.4 | 50.17 | 280.60 | 330.77 | NOTE | |
r-release-macos-arm64 | 0.1.4 | 96.00 | NOTE | |||
r-release-macos-x86_64 | 0.1.4 | 148.00 | NOTE | |||
r-release-windows-x86_64 | 0.1.4 | 47.00 | 207.00 | 254.00 | NOTE | |
r-oldrel-macos-arm64 | 0.1.4 | 113.00 | OK | |||
r-oldrel-macos-x86_64 | 0.1.4 | 189.00 | OK | |||
r-oldrel-windows-x86_64 | 0.1.4 | 57.00 | 248.00 | 305.00 | OK |
Version: 0.1.4
Check: Rd files
Result: NOTE
checkRd: (-1) orf.Rd:74: Lost braces
74 | matrix of covariates \code{X} and a vector of outcomes 'code{Y} to the \code{orf}
| ^
Flavors: r-devel-linux-x86_64-debian-clang, r-devel-linux-x86_64-debian-gcc, r-devel-linux-x86_64-fedora-clang, r-devel-linux-x86_64-fedora-gcc, r-devel-windows-x86_64, r-patched-linux-x86_64, r-release-linux-x86_64, r-release-macos-arm64, r-release-macos-x86_64, r-release-windows-x86_64