Last updated on 2025-05-03 21:51:26 CEST.
Flavor | Version | Tinstall | Tcheck | Ttotal | Status | Flags |
---|---|---|---|---|---|---|
r-devel-linux-x86_64-debian-clang | 1.0-6.1 | 4.79 | 41.84 | 46.63 | NOTE | |
r-devel-linux-x86_64-debian-gcc | 1.0-6.1 | 3.22 | 30.55 | 33.77 | NOTE | |
r-devel-linux-x86_64-fedora-clang | 1.0-6.1 | 71.66 | NOTE | |||
r-devel-linux-x86_64-fedora-gcc | 1.0-6.1 | 69.03 | NOTE | |||
r-devel-windows-x86_64 | 1.0-6.1 | 6.00 | 105.00 | 111.00 | NOTE | |
r-patched-linux-x86_64 | 1.0-6.1 | 5.72 | 39.40 | 45.12 | NOTE | |
r-release-linux-x86_64 | NOTE | |||||
r-release-macos-arm64 | 1.0-6.1 | 25.00 | NOTE | |||
r-release-macos-x86_64 | 1.0-6.1 | 42.00 | NOTE | |||
r-release-windows-x86_64 | 1.0-6.1 | 7.00 | 84.00 | 91.00 | NOTE | |
r-oldrel-macos-arm64 | 1.0-6.1 | 29.00 | NOTE | |||
r-oldrel-macos-x86_64 | 1.0-6.1 | 33.00 | NOTE | |||
r-oldrel-windows-x86_64 | 1.0-6.1 | 7.00 | 88.00 | 95.00 | NOTE |
Version: 1.0-6.1
Check: CRAN incoming feasibility
Result: NOTE
Maintainer: ‘Frederick Novomestky <fnovomes@poly.edu>’
No Authors@R field in DESCRIPTION.
Please add one, modifying
Authors@R: person(given = "Frederick",
family = "Novomestky",
role = c("aut", "cre"),
email = "fnovomes@poly.edu")
as necessary.
Flavors: r-devel-linux-x86_64-debian-clang, r-devel-linux-x86_64-debian-gcc
Version: 1.0-6.1
Check: Rd files
Result: NOTE
checkRd: (-1) polynomial.derivatives.Rd:18: Lost braces in \itemize; meant \describe ?
checkRd: (-1) polynomial.derivatives.Rd:19: Lost braces in \itemize; meant \describe ?
checkRd: (-1) polynomial.derivatives.Rd:21: Lost braces in \itemize; meant \describe ?
checkRd: (-1) polynomial.integrals.Rd:18: Lost braces in \itemize; meant \describe ?
checkRd: (-1) polynomial.integrals.Rd:19: Lost braces in \itemize; meant \describe ?
checkRd: (-1) polynomial.integrals.Rd:21: Lost braces in \itemize; meant \describe ?
Flavors: r-devel-linux-x86_64-debian-clang, r-devel-linux-x86_64-debian-gcc, r-devel-linux-x86_64-fedora-clang, r-devel-linux-x86_64-fedora-gcc, r-devel-windows-x86_64, r-patched-linux-x86_64, r-release-linux-x86_64, r-release-macos-arm64, r-release-macos-x86_64, r-release-windows-x86_64, r-oldrel-macos-arm64, r-oldrel-macos-x86_64, r-oldrel-windows-x86_64