Last updated on 2025-05-03 21:51:26 CEST.
Flavor | Version | Tinstall | Tcheck | Ttotal | Status | Flags |
---|---|---|---|---|---|---|
r-devel-linux-x86_64-debian-clang | 0.2.2 | 2.51 | 32.68 | 35.19 | OK | |
r-devel-linux-x86_64-debian-gcc | 0.2.2 | 1.85 | 25.80 | 27.65 | OK | |
r-devel-linux-x86_64-fedora-clang | 0.2.2 | 52.42 | OK | |||
r-devel-linux-x86_64-fedora-gcc | 0.2.2 | 50.05 | OK | |||
r-devel-windows-x86_64 | 0.2.2 | 4.00 | 50.00 | 54.00 | OK | |
r-patched-linux-x86_64 | 0.2.2 | 2.25 | 30.01 | 32.26 | OK | |
r-release-linux-x86_64 | OK | |||||
r-release-macos-arm64 | 0.2.2 | 20.00 | OK | |||
r-release-macos-x86_64 | 0.2.2 | 44.00 | OK | |||
r-release-windows-x86_64 | 0.2.2 | 5.00 | 50.00 | 55.00 | OK | |
r-oldrel-macos-arm64 | 0.2.2 | 19.00 | NOTE | |||
r-oldrel-macos-x86_64 | 0.2.2 | 29.00 | NOTE | |||
r-oldrel-windows-x86_64 | 0.2.2 | 5.00 | 57.00 | 62.00 | NOTE |
Version: 0.2.2
Check: LazyData
Result: NOTE
'LazyData' is specified without a 'data' directory
Flavors: r-oldrel-macos-arm64, r-oldrel-macos-x86_64, r-oldrel-windows-x86_64