Last updated on 2025-05-03 21:51:26 CEST.
Flavor | Version | Tinstall | Tcheck | Ttotal | Status | Flags |
---|---|---|---|---|---|---|
r-devel-linux-x86_64-debian-clang | 0.1.1 | 4.74 | 37.76 | 42.50 | OK | |
r-devel-linux-x86_64-debian-gcc | 0.1.1 | 3.21 | 28.05 | 31.26 | OK | |
r-devel-linux-x86_64-fedora-clang | 0.1.1 | 67.65 | OK | |||
r-devel-linux-x86_64-fedora-gcc | 0.1.1 | 61.72 | OK | |||
r-devel-windows-x86_64 | 0.1.1 | 6.00 | 55.00 | 61.00 | OK | |
r-patched-linux-x86_64 | 0.1.1 | 4.65 | 35.45 | 40.10 | OK | |
r-release-linux-x86_64 | OK | |||||
r-release-macos-arm64 | 0.1.1 | 24.00 | OK | |||
r-release-macos-x86_64 | 0.1.1 | 42.00 | OK | |||
r-release-windows-x86_64 | 0.1.1 | 6.00 | 55.00 | 61.00 | OK | |
r-oldrel-macos-arm64 | 0.1.1 | 21.00 | NOTE | |||
r-oldrel-macos-x86_64 | 0.1.1 | 36.00 | NOTE | |||
r-oldrel-windows-x86_64 | 0.1.1 | 8.00 | 65.00 | 73.00 | NOTE |
Version: 0.1.1
Check: LazyData
Result: NOTE
'LazyData' is specified without a 'data' directory
Flavors: r-oldrel-macos-arm64, r-oldrel-macos-x86_64, r-oldrel-windows-x86_64