Last updated on 2025-07-22 12:49:42 CEST.
Flavor | Version | Tinstall | Tcheck | Ttotal | Status | Flags |
---|---|---|---|---|---|---|
r-devel-linux-x86_64-debian-clang | 1.0.2 | 1.98 | 45.39 | 47.37 | NOTE | |
r-devel-linux-x86_64-debian-gcc | 1.0.2 | 1.44 | 32.91 | 34.35 | NOTE | |
r-devel-linux-x86_64-fedora-clang | 1.0.2 | 73.34 | OK | |||
r-devel-linux-x86_64-fedora-gcc | 1.0.2 | 83.84 | OK | |||
r-devel-windows-x86_64 | 1.0.2 | 3.00 | 188.00 | 191.00 | OK | |
r-patched-linux-x86_64 | 1.0.2 | 1.82 | 42.13 | 43.95 | OK | |
r-release-linux-x86_64 | 1.0.2 | 1.76 | 42.62 | 44.38 | OK | |
r-release-macos-arm64 | 1.0.2 | 105.00 | OK | |||
r-release-macos-x86_64 | 1.0.2 | 288.00 | OK | |||
r-release-windows-x86_64 | 1.0.2 | 3.00 | 194.00 | 197.00 | OK | |
r-oldrel-macos-arm64 | 1.0.2 | 108.00 | OK | |||
r-oldrel-macos-x86_64 | 1.0.2 | 163.00 | OK | |||
r-oldrel-windows-x86_64 | 1.0.2 | 3.00 | 262.00 | 265.00 | OK |
Version: 1.0.2
Check: CRAN incoming feasibility
Result: NOTE
Maintainer: ‘Peter DeWitt <peter.dewitt@cuanschutz.edu>’
Package CITATION file contains call(s) to old-style citEntry(). Please
use bibentry() instead.
Flavors: r-devel-linux-x86_64-debian-clang, r-devel-linux-x86_64-debian-gcc