Last updated on 2025-05-03 21:51:26 CEST.
Flavor | Version | Tinstall | Tcheck | Ttotal | Status | Flags |
---|---|---|---|---|---|---|
r-devel-linux-x86_64-debian-clang | 1.2-4 | 8.17 | 83.47 | 91.64 | NOTE | |
r-devel-linux-x86_64-debian-gcc | 1.2-4 | 5.51 | 59.56 | 65.07 | NOTE | |
r-devel-linux-x86_64-fedora-clang | 1.2-4 | 131.09 | NOTE | |||
r-devel-linux-x86_64-fedora-gcc | 1.2-4 | 151.66 | NOTE | |||
r-devel-windows-x86_64 | 1.2-4 | 9.00 | 117.00 | 126.00 | NOTE | |
r-patched-linux-x86_64 | 1.2-4 | 7.67 | 78.75 | 86.42 | NOTE | |
r-release-linux-x86_64 | NOTE | |||||
r-release-macos-arm64 | 1.2-4 | 51.00 | NOTE | |||
r-release-macos-x86_64 | 1.2-4 | 96.00 | NOTE | |||
r-release-windows-x86_64 | 1.2-4 | 10.00 | 117.00 | 127.00 | NOTE | |
r-oldrel-macos-arm64 | 1.2-4 | 46.00 | NOTE | |||
r-oldrel-macos-x86_64 | 1.2-4 | 73.00 | NOTE | |||
r-oldrel-windows-x86_64 | 1.2-4 | 12.00 | 138.00 | 150.00 | NOTE |
Version: 1.2-4
Check: Rd files
Result: NOTE
checkRd: (-1) returns.Rd:21: Lost braces; missing escapes or markup?
21 | \item{...}{Other options including {type} which refers to the
| ^
Flavors: r-devel-linux-x86_64-debian-clang, r-devel-linux-x86_64-debian-gcc, r-devel-linux-x86_64-fedora-clang, r-devel-linux-x86_64-fedora-gcc, r-devel-windows-x86_64, r-patched-linux-x86_64, r-release-linux-x86_64, r-release-macos-arm64, r-release-macos-x86_64, r-release-windows-x86_64, r-oldrel-macos-arm64, r-oldrel-macos-x86_64, r-oldrel-windows-x86_64