CRAN Package Check Results for Package packMBPLSDA

Last updated on 2025-07-24 06:49:34 CEST.

Flavor Version Tinstall Tcheck Ttotal Status Flags
r-devel-linux-x86_64-debian-clang 0.9.0 15.86 113.57 129.43 NOTE
r-devel-linux-x86_64-debian-gcc 0.9.0 9.42 78.32 87.74 NOTE
r-devel-linux-x86_64-fedora-clang 0.9.0 208.35 OK
r-devel-linux-x86_64-fedora-gcc 0.9.0 206.21 OK
r-devel-windows-x86_64 0.9.0 19.00 129.00 148.00 OK
r-patched-linux-x86_64 0.9.0 15.88 105.87 121.75 OK
r-release-linux-x86_64 0.9.0 14.90 106.50 121.40 OK
r-release-macos-arm64 0.9.0 81.00 OK
r-release-macos-x86_64 0.9.0 113.00 OK
r-release-windows-x86_64 0.9.0 20.00 132.00 152.00 OK
r-oldrel-macos-arm64 0.9.0 57.00 OK
r-oldrel-macos-x86_64 0.9.0 88.00 OK
r-oldrel-windows-x86_64 0.9.0 25.00 166.00 191.00 OK

Check Details

Version: 0.9.0
Check: CRAN incoming feasibility
Result: NOTE Maintainer: ‘Marion Brandolini-Bunlon <marion.brandolini-bunlon@inra.fr>’ No Authors@R field in DESCRIPTION. Please add one, modifying Authors@R: c(person(given = "Marion", family = "Brandolini-Bunlon", role = c("aut", "cre"), email = "marion.brandolini-bunlon@inra.fr"), person(given = "Stephanie", family = "Bougeard", role = "aut"), person(given = "Melanie", family = "Petera", role = "aut"), person(given = "Estelle", family = "Pujos-Guillot", role = "aut")) as necessary. Flavors: r-devel-linux-x86_64-debian-clang, r-devel-linux-x86_64-debian-gcc