Last updated on 2024-06-17 06:50:26 CEST.
Flavor | Version | Tinstall | Tcheck | Ttotal | Status | Flags |
---|---|---|---|---|---|---|
r-devel-linux-x86_64-debian-clang | 0.7.2 | 181.37 | 54.45 | 235.82 | OK | |
r-devel-linux-x86_64-debian-gcc | 0.7.2 | 156.11 | 41.06 | 197.17 | OK | |
r-devel-linux-x86_64-fedora-clang | 0.7.2 | 316.72 | NOTE | |||
r-devel-linux-x86_64-fedora-gcc | 0.7.2 | 347.60 | OK | |||
r-devel-windows-x86_64 | 0.7.2 | 378.00 | 68.00 | 446.00 | NOTE | |
r-patched-linux-x86_64 | 0.7.2 | 174.91 | 51.93 | 226.84 | OK | |
r-release-linux-x86_64 | 0.7.2 | 173.69 | 52.48 | 226.17 | OK | |
r-release-macos-arm64 | 0.7.2 | 101.00 | NOTE | |||
r-release-macos-x86_64 | 0.7.2 | 157.00 | NOTE | |||
r-release-windows-x86_64 | 0.7.2 | 377.00 | 69.00 | 446.00 | NOTE | |
r-oldrel-macos-arm64 | 0.7.2 | 130.00 | NOTE | |||
r-oldrel-macos-x86_64 | 0.7.2 | 291.00 | NOTE | |||
r-oldrel-windows-x86_64 | 0.7.2 | 381.00 | 73.00 | 454.00 | NOTE |
Version: 0.7.2
Check: installed package size
Result: NOTE
installed size is 7.9Mb
sub-directories of 1Mb or more:
library 7.1Mb
Flavors: r-devel-linux-x86_64-fedora-clang, r-devel-windows-x86_64, r-release-macos-arm64, r-release-macos-x86_64, r-release-windows-x86_64, r-oldrel-macos-arm64, r-oldrel-macos-x86_64, r-oldrel-windows-x86_64