Last updated on 2025-05-03 21:51:26 CEST.
Flavor | Version | Tinstall | Tcheck | Ttotal | Status | Flags |
---|---|---|---|---|---|---|
r-devel-linux-x86_64-debian-clang | 0.1.5 | 4.47 | 39.15 | 43.62 | NOTE | |
r-devel-linux-x86_64-debian-gcc | 0.1.5 | 2.96 | 28.64 | 31.60 | NOTE | |
r-devel-linux-x86_64-fedora-clang | 0.1.5 | 67.22 | OK | |||
r-devel-linux-x86_64-fedora-gcc | 0.1.5 | 63.87 | OK | |||
r-devel-windows-x86_64 | 0.1.5 | 6.00 | 63.00 | 69.00 | OK | |
r-patched-linux-x86_64 | 0.1.5 | 4.50 | 37.19 | 41.69 | OK | |
r-release-linux-x86_64 | OK | |||||
r-release-macos-arm64 | 0.1.5 | 27.00 | OK | |||
r-release-macos-x86_64 | 0.1.5 | 45.00 | OK | |||
r-release-windows-x86_64 | 0.1.5 | 5.00 | 61.00 | 66.00 | OK | |
r-oldrel-macos-arm64 | 0.1.5 | 23.00 | OK | |||
r-oldrel-macos-x86_64 | 0.1.5 | 39.00 | OK | |||
r-oldrel-windows-x86_64 | 0.1.5 | 7.00 | 69.00 | 76.00 | OK |
Version: 0.1.5
Check: CRAN incoming feasibility
Result: NOTE
Maintainer: ‘Sacha Epskamp <mail@sachaepskamp.com>’
No Authors@R field in DESCRIPTION.
Please add one, modifying
Authors@R: person(given = "Sacha",
family = "Epskamp",
role = c("aut", "cre"),
email = "mail@sachaepskamp.com")
as necessary.
Flavors: r-devel-linux-x86_64-debian-clang, r-devel-linux-x86_64-debian-gcc