Last updated on 2025-05-03 12:54:49 CEST.
Flavor | Version | Tinstall | Tcheck | Ttotal | Status | Flags |
---|---|---|---|---|---|---|
r-devel-linux-x86_64-debian-clang | 1.1.6 | 11.12 | 96.91 | 108.03 | NOTE | |
r-devel-linux-x86_64-debian-gcc | 1.1.6 | 7.61 | 73.36 | 80.97 | NOTE | |
r-devel-linux-x86_64-fedora-clang | 1.1.6 | 174.98 | NOTE | |||
r-devel-linux-x86_64-fedora-gcc | 1.1.6 | 174.48 | NOTE | |||
r-devel-windows-x86_64 | 1.1.6 | 14.00 | 125.00 | 139.00 | OK | |
r-patched-linux-x86_64 | 1.1.6 | 11.37 | 92.82 | 104.19 | NOTE | |
r-release-linux-x86_64 | NOTE | |||||
r-release-macos-arm64 | 1.1.6 | 66.00 | OK | |||
r-release-macos-x86_64 | 1.1.6 | 123.00 | OK | |||
r-release-windows-x86_64 | 1.1.6 | 13.00 | 123.00 | 136.00 | OK | |
r-oldrel-macos-arm64 | 1.1.6 | 63.00 | OK | |||
r-oldrel-macos-x86_64 | 1.1.6 | 89.00 | OK | |||
r-oldrel-windows-x86_64 | 1.1.6 | 15.00 | 152.00 | 167.00 | OK |
Version: 1.1.6
Check: CRAN incoming feasibility
Result: NOTE
Maintainer: ‘Norm Matloff <normmatloff@gmail.com>’
No Authors@R field in DESCRIPTION.
Please add one, modifying
Authors@R: c(person(given = "Norm",
family = "Matloff",
role = c("cre", "aut"),
email = "normmatloff@gmail.com"),
person(given = "Clark",
family = "Fitzgerald",
role = "aut",
email = "clarkfitzg@gmail.com"),
person(given = c("with", "contributions", "by", "Alex"),
family = "Rumbaugh",
email = "aprumbaugh@ucdavis.edu"),
person(given = "Hadley",
family = "Wickham",
email = "h.wickham@gmail.com"))
as necessary.
Flavors: r-devel-linux-x86_64-debian-clang, r-devel-linux-x86_64-debian-gcc
Version: 1.1.6
Check: for non-standard things in the check directory
Result: NOTE
Found the following files/directories:
‘co2’ ‘co2.1’ ‘co2.2’ ‘co2s.1’ ‘co2s.2’ ‘ctm.1’ ‘ctm.2’ ‘m’ ‘m.1’
‘m.2’ ‘test’ ‘test.1’ ‘test.2’ ‘testa.1’ ‘testa.2’ ‘xfile.1’
‘xfile.2’
Flavors: r-devel-linux-x86_64-debian-clang, r-devel-linux-x86_64-debian-gcc, r-devel-linux-x86_64-fedora-clang, r-devel-linux-x86_64-fedora-gcc, r-patched-linux-x86_64, r-release-linux-x86_64