Last updated on 2025-05-03 12:54:49 CEST.
Flavor | Version | Tinstall | Tcheck | Ttotal | Status | Flags |
---|---|---|---|---|---|---|
r-devel-linux-x86_64-debian-clang | 0.1-4 | 2.38 | 23.74 | 26.12 | NOTE | |
r-devel-linux-x86_64-debian-gcc | 0.1-4 | 2.02 | 18.86 | 20.88 | NOTE | |
r-devel-linux-x86_64-fedora-clang | 0.1-4 | 42.77 | OK | |||
r-devel-linux-x86_64-fedora-gcc | 0.1-4 | 41.37 | NOTE | |||
r-devel-windows-x86_64 | 0.1-4 | 4.00 | 55.00 | 59.00 | OK | |
r-patched-linux-x86_64 | 0.1-4 | 2.77 | 22.63 | 25.40 | OK | |
r-release-linux-x86_64 | OK | |||||
r-release-macos-arm64 | 0.1-4 | 19.00 | OK | |||
r-release-macos-x86_64 | 0.1-4 | 31.00 | OK | |||
r-release-windows-x86_64 | 0.1-4 | 4.00 | 43.00 | 47.00 | OK | |
r-oldrel-macos-arm64 | 0.1-4 | 18.00 | OK | |||
r-oldrel-macos-x86_64 | 0.1-4 | 26.00 | OK | |||
r-oldrel-windows-x86_64 | 0.1-4 | 4.00 | 49.00 | 53.00 | OK |
Version: 0.1-4
Check: CRAN incoming feasibility
Result: NOTE
Maintainer: ‘Emmanuel Charpentier <emm.charpentier@free.fr>’
Found the following (possibly) invalid file URI:
URI: emm.charpentier@free.fr
From: man/patchSynctex-package.Rd
Flavors: r-devel-linux-x86_64-debian-clang, r-devel-linux-x86_64-debian-gcc
Version: 0.1-4
Check: for non-standard things in the check directory
Result: NOTE
Found the following files/directories:
‘Minimal-concordance.tex’ ‘Minimal.Rnw’ ‘Minimal.pdf’
‘Minimal.synctex.gz’ ‘Minimal.tex’ ‘figure’
Flavor: r-devel-linux-x86_64-fedora-gcc