Last updated on 2025-05-04 03:51:01 CEST.
Flavor | Version | Tinstall | Tcheck | Ttotal | Status | Flags |
---|---|---|---|---|---|---|
r-devel-linux-x86_64-debian-clang | 1.5.1 | 2.40 | 19.68 | 22.08 | NOTE | |
r-devel-linux-x86_64-debian-gcc | 1.5.1 | 1.96 | 16.30 | 18.26 | NOTE | |
r-devel-linux-x86_64-fedora-clang | 1.5.1 | 36.00 | OK | |||
r-devel-linux-x86_64-fedora-gcc | 1.5.1 | 33.45 | OK | |||
r-devel-windows-x86_64 | 1.5.1 | 5.00 | 45.00 | 50.00 | OK | |
r-patched-linux-x86_64 | 1.5.1 | 2.06 | 19.31 | 21.37 | OK | |
r-release-linux-x86_64 | OK | |||||
r-release-macos-arm64 | 1.5.1 | 20.00 | OK | |||
r-release-macos-x86_64 | 1.5.1 | 27.00 | OK | |||
r-release-windows-x86_64 | 1.5.1 | 5.00 | 47.00 | 52.00 | OK | |
r-oldrel-macos-arm64 | 1.5.1 | 21.00 | OK | |||
r-oldrel-macos-x86_64 | 1.5.1 | 32.00 | OK | |||
r-oldrel-windows-x86_64 | 1.5.1 | 6.00 | 43.00 | 49.00 | OK |
Version: 1.5.1
Check: CRAN incoming feasibility
Result: NOTE
Maintainer: ‘Kevin kuang <kvn.kuang@mail.utoronto.ca>’
No Authors@R field in DESCRIPTION.
Please add one, modifying
Authors@R: c(person(given = "Kevin",
family = "Kuang",
role = c("aut", "cre"),
email = "kvn.kuang@mail.utoronto.ca",
comment = "aut"),
person(given = "Quyu",
family = "Kong",
role = "aut",
comment = "ctb"),
person(given = "Francesco",
family = "Napolitano",
role = "aut",
comment = "ctb"))
as necessary.
Flavors: r-devel-linux-x86_64-debian-clang, r-devel-linux-x86_64-debian-gcc