Last updated on 2024-06-16 11:58:02 CEST.
Flavor | Version | Tinstall | Tcheck | Ttotal | Status | Flags |
---|---|---|---|---|---|---|
r-devel-linux-x86_64-debian-clang | 1.5.4 | 1445.68 | 311.23 | 1756.91 | NOTE | |
r-devel-linux-x86_64-debian-gcc | 1.5.4 | 1228.54 | 339.27 | 1567.81 | NOTE | |
r-devel-linux-x86_64-fedora-clang | 1.5.4 | 2090.04 | NOTE | |||
r-devel-linux-x86_64-fedora-gcc | 1.5.4 | 3195.28 | NOTE | |||
r-devel-windows-x86_64 | 1.5.4 | 1046.00 | 363.00 | 1409.00 | NOTE | |
r-patched-linux-x86_64 | 1.5.4 | 1058.53 | 449.05 | 1507.58 | NOTE | |
r-release-linux-x86_64 | 1.5.4 | 0.04 | 3.08 | 3.12 | ERROR | |
r-release-macos-arm64 | 1.5.4 | 489.00 | NOTE | |||
r-release-macos-x86_64 | 1.5.4 | 580.00 | NOTE | |||
r-release-windows-x86_64 | 1.5.4 | 1051.00 | 365.00 | 1416.00 | NOTE | |
r-oldrel-macos-arm64 | 1.5.4 | 854.00 | NOTE | |||
r-oldrel-macos-x86_64 | 1.5.4 | 1104.00 | NOTE | |||
r-oldrel-windows-x86_64 | 1.5.4 | 1418.00 | 439.00 | 1857.00 | NOTE |
Version: 1.5.4
Check: for GNU extensions in Makefiles
Result: NOTE
GNU make is a SystemRequirements.
Flavors: r-devel-linux-x86_64-debian-clang, r-devel-linux-x86_64-debian-gcc, r-devel-linux-x86_64-fedora-clang, r-devel-linux-x86_64-fedora-gcc, r-devel-windows-x86_64, r-patched-linux-x86_64, r-release-macos-arm64, r-release-macos-x86_64, r-release-windows-x86_64, r-oldrel-macos-arm64, r-oldrel-macos-x86_64, r-oldrel-windows-x86_64
Version: 1.5.4
Check: installed package size
Result: NOTE
installed size is 15.3Mb
sub-directories of 1Mb or more:
doc 2.9Mb
libs 11.6Mb
Flavors: r-devel-linux-x86_64-fedora-clang, r-devel-windows-x86_64, r-release-macos-arm64, r-release-macos-x86_64, r-release-windows-x86_64, r-oldrel-macos-arm64, r-oldrel-macos-x86_64, r-oldrel-windows-x86_64
Version: 1.5.4
Check: dependencies in R code
Result: NOTE
Namespace in Imports field not imported from: ‘rstantools’
All declared Imports should be used.
Flavors: r-devel-linux-x86_64-fedora-clang, r-devel-linux-x86_64-fedora-gcc
Version: 1.5.4
Check: whether package can be installed
Result: ERROR
Installation failed.
Flavor: r-release-linux-x86_64