Last updated on 2024-06-16 11:58:02 CEST.
Flavor | Version | Tinstall | Tcheck | Ttotal | Status | Flags |
---|---|---|---|---|---|---|
r-devel-linux-x86_64-debian-clang | 1.2 | 5.70 | 35.32 | 41.02 | NOTE | |
r-devel-linux-x86_64-debian-gcc | 1.2 | 3.63 | 27.78 | 31.41 | NOTE | |
r-devel-linux-x86_64-fedora-clang | 1.2 | 55.23 | NOTE | |||
r-devel-linux-x86_64-fedora-gcc | 1.2 | 62.37 | NOTE | |||
r-devel-windows-x86_64 | 1.2 | 7.00 | 50.00 | 57.00 | NOTE | |
r-patched-linux-x86_64 | 1.2 | 4.72 | 35.51 | 40.23 | NOTE | |
r-release-linux-x86_64 | 1.2 | 4.39 | 34.97 | 39.36 | NOTE | |
r-release-macos-arm64 | 1.2 | 27.00 | NOTE | |||
r-release-macos-x86_64 | 1.2 | 36.00 | NOTE | |||
r-release-windows-x86_64 | 1.2 | 8.00 | 51.00 | 59.00 | NOTE | |
r-oldrel-macos-arm64 | 1.2 | 27.00 | NOTE | |||
r-oldrel-macos-x86_64 | 1.2 | 35.00 | NOTE | |||
r-oldrel-windows-x86_64 | 1.2 | 6.00 | 54.00 | 60.00 | NOTE |
Version: 1.2
Check: LazyData
Result: NOTE
'LazyData' is specified without a 'data' directory
Flavors: r-devel-linux-x86_64-debian-clang, r-devel-linux-x86_64-debian-gcc, r-devel-linux-x86_64-fedora-clang, r-devel-linux-x86_64-fedora-gcc, r-devel-windows-x86_64, r-patched-linux-x86_64, r-release-linux-x86_64, r-release-macos-arm64, r-release-macos-x86_64, r-release-windows-x86_64, r-oldrel-macos-arm64, r-oldrel-macos-x86_64, r-oldrel-windows-x86_64