CRAN Package Check Results for Package pch

Last updated on 2025-05-07 06:49:57 CEST.

Flavor Version Tinstall Tcheck Ttotal Status Flags
r-devel-linux-x86_64-debian-clang 2.1 11.40 88.52 99.92 NOTE
r-devel-linux-x86_64-debian-gcc 2.1 8.37 64.44 72.81 NOTE
r-devel-linux-x86_64-fedora-clang 2.1 152.58 OK
r-devel-linux-x86_64-fedora-gcc 2.1 150.21 OK
r-devel-windows-x86_64 2.1 12.00 91.00 103.00 NOTE
r-patched-linux-x86_64 2.1 11.69 83.75 95.44 NOTE
r-release-linux-x86_64 2.1 11.67 83.06 94.73 NOTE
r-release-macos-arm64 2.1 41.00 OK
r-release-macos-x86_64 2.1 76.00 OK
r-release-windows-x86_64 2.1 12.00 93.00 105.00 NOTE
r-oldrel-macos-arm64 2.1 41.00 OK
r-oldrel-macos-x86_64 2.1 65.00 OK
r-oldrel-windows-x86_64 2.1 17.00 118.00 135.00 OK

Check Details

Version: 2.1
Check: CRAN incoming feasibility
Result: NOTE Maintainer: ‘Paolo Frumento <paolo.frumento@unipi.it>’ No Authors@R field in DESCRIPTION. Please add one, modifying Authors@R: person(given = "Paolo", family = "Frumento", role = c("aut", "cre"), email = "paolo.frumento@unipi.it") as necessary. Flavors: r-devel-linux-x86_64-debian-clang, r-devel-linux-x86_64-debian-gcc

Version: 2.1
Check: Rd cross-references
Result: NOTE Found the following Rd file(s) with Rd \link{} targets missing package anchors: pchreg.Rd: Surv Please provide package anchors for all Rd \link{} targets not in the package itself and the base packages. Flavors: r-devel-linux-x86_64-debian-clang, r-devel-linux-x86_64-debian-gcc, r-devel-windows-x86_64, r-patched-linux-x86_64, r-release-linux-x86_64, r-release-windows-x86_64