Last updated on 2025-11-19 06:50:18 CET.
| Flavor | Version | Tinstall | Tcheck | Ttotal | Status | Flags |
|---|---|---|---|---|---|---|
| r-devel-linux-x86_64-debian-clang | 1.2.8 | 36.68 | 95.96 | 132.64 | WARN | |
| r-devel-linux-x86_64-debian-gcc | 1.3.0 | 41.38 | 100.36 | 141.74 | OK | |
| r-devel-linux-x86_64-fedora-clang | 1.3.0 | 227.00 | 137.95 | 364.95 | OK | |
| r-devel-linux-x86_64-fedora-gcc | 1.3.0 | 277.00 | 65.23 | 342.23 | OK | |
| r-devel-windows-x86_64 | 1.2.8 | 51.00 | 123.00 | 174.00 | WARN | |
| r-patched-linux-x86_64 | 1.2.8 | 35.93 | 89.20 | 125.13 | WARN | |
| r-release-linux-x86_64 | 1.2.8 | 36.88 | 89.59 | 126.47 | WARN | |
| r-release-macos-arm64 | 1.2.8 | 17.00 | 43.00 | 60.00 | OK | |
| r-release-macos-x86_64 | 1.3.0 | 44.00 | 143.00 | 187.00 | OK | |
| r-release-windows-x86_64 | 1.2.8 | 45.00 | 114.00 | 159.00 | WARN | |
| r-oldrel-macos-arm64 | 1.2.8 | 15.00 | 42.00 | 57.00 | OK | |
| r-oldrel-macos-x86_64 | 1.3.0 | 67.00 | 206.00 | 273.00 | OK | |
| r-oldrel-windows-x86_64 | 1.2.8 | 56.00 | 149.00 | 205.00 | WARN |
Version: 1.2.8
Check: whether package can be installed
Result: WARN
Found the following significant warnings:
./rcpp_coxph.h:368:36: warning: 'from<unsigned int, arma::mtOp<unsigned int, arma::mtOp<unsigned int, arma::Col<double>, arma::op_rel_eq>, arma::op_find>>' is deprecated: replace conv_to<...>::from(X) with as_scalar(X) [-Wdeprecated-declarations]
./rcpp_coxph.h:377:40: warning: 'from<unsigned int, arma::mtOp<unsigned int, arma::mtOp<unsigned int, arma::Col<double>, arma::op_rel_eq>, arma::op_find>>' is deprecated: replace conv_to<...>::from(X) with as_scalar(X) [-Wdeprecated-declarations]
See ‘/home/hornik/tmp/R.check/r-devel-clang/Work/PKGS/pda.Rcheck/00install.out’ for details.
* used C++ compiler: ‘Debian clang version 21.1.5 (1)’
Flavor: r-devel-linux-x86_64-debian-clang
Version: 1.2.8
Check: whether package can be installed
Result: WARN
Found the following significant warnings:
rcpp_coxph.h:368:40: warning: 'static out_eT arma::conv_to<out_eT>::from(const arma::Base<eT2, expr>&, const typename arma::arma_not_cx<in_eT>::result*) [with in_eT = unsigned int; T1 = arma::mtOp<unsigned int, arma::mtOp<unsigned int, arma::Col<double>, arma::op_rel_eq>, arma::op_find>; out_eT = int; typename arma::arma_not_cx<in_eT>::result = unsigned int]' is deprecated: replace conv_to<...>::from(X) with as_scalar(X) [-Wdeprecated-declarations]
rcpp_coxph.h:377:44: warning: 'static out_eT arma::conv_to<out_eT>::from(const arma::Base<eT2, expr>&, const typename arma::arma_not_cx<in_eT>::result*) [with in_eT = unsigned int; T1 = arma::mtOp<unsigned int, arma::mtOp<unsigned int, arma::Col<double>, arma::op_rel_eq>, arma::op_find>; out_eT = int; typename arma::arma_not_cx<in_eT>::result = unsigned int]' is deprecated: replace conv_to<...>::from(X) with as_scalar(X) [-Wdeprecated-declarations]
See 'd:/Rcompile/CRANpkg/local/4.6/pda.Rcheck/00install.out' for details.
* used C++ compiler: 'g++.exe (GCC) 14.3.0'
Flavor: r-devel-windows-x86_64
Version: 1.2.8
Check: whether package can be installed
Result: WARN
Found the following significant warnings:
rcpp_coxph.h:368:40: warning: ‘static out_eT arma::conv_to<out_eT>::from(const arma::Base<eT2, expr>&, const typename arma::arma_not_cx<in_eT>::result*) [with in_eT = unsigned int; T1 = arma::mtOp<unsigned int, arma::mtOp<unsigned int, arma::Col<double>, arma::op_rel_eq>, arma::op_find>; out_eT = int; typename arma::arma_not_cx<in_eT>::result = unsigned int]’ is deprecated: replace conv_to<...>::from(X) with as_scalar(X) [-Wdeprecated-declarations]
rcpp_coxph.h:377:44: warning: ‘static out_eT arma::conv_to<out_eT>::from(const arma::Base<eT2, expr>&, const typename arma::arma_not_cx<in_eT>::result*) [with in_eT = unsigned int; T1 = arma::mtOp<unsigned int, arma::mtOp<unsigned int, arma::Col<double>, arma::op_rel_eq>, arma::op_find>; out_eT = int; typename arma::arma_not_cx<in_eT>::result = unsigned int]’ is deprecated: replace conv_to<...>::from(X) with as_scalar(X) [-Wdeprecated-declarations]
See ‘/home/hornik/tmp/R.check/r-patched-gcc/Work/PKGS/pda.Rcheck/00install.out’ for details.
* used C++ compiler: ‘g++-14 (Debian 14.3.0-10) 14.3.0’
Flavor: r-patched-linux-x86_64
Version: 1.2.8
Check: whether package can be installed
Result: WARN
Found the following significant warnings:
rcpp_coxph.h:368:40: warning: ‘static out_eT arma::conv_to<out_eT>::from(const arma::Base<eT2, expr>&, const typename arma::arma_not_cx<in_eT>::result*) [with in_eT = unsigned int; T1 = arma::mtOp<unsigned int, arma::mtOp<unsigned int, arma::Col<double>, arma::op_rel_eq>, arma::op_find>; out_eT = int; typename arma::arma_not_cx<in_eT>::result = unsigned int]’ is deprecated: replace conv_to<...>::from(X) with as_scalar(X) [-Wdeprecated-declarations]
rcpp_coxph.h:377:44: warning: ‘static out_eT arma::conv_to<out_eT>::from(const arma::Base<eT2, expr>&, const typename arma::arma_not_cx<in_eT>::result*) [with in_eT = unsigned int; T1 = arma::mtOp<unsigned int, arma::mtOp<unsigned int, arma::Col<double>, arma::op_rel_eq>, arma::op_find>; out_eT = int; typename arma::arma_not_cx<in_eT>::result = unsigned int]’ is deprecated: replace conv_to<...>::from(X) with as_scalar(X) [-Wdeprecated-declarations]
See ‘/home/hornik/tmp/R.check/r-release-gcc/Work/PKGS/pda.Rcheck/00install.out’ for details.
* used C++ compiler: ‘g++-14 (Debian 14.3.0-10) 14.3.0’
Flavor: r-release-linux-x86_64
Version: 1.2.8
Check: whether package can be installed
Result: WARN
Found the following significant warnings:
rcpp_coxph.h:368:40: warning: 'static out_eT arma::conv_to<out_eT>::from(const arma::Base<eT2, expr>&, const typename arma::arma_not_cx<in_eT>::result*) [with in_eT = unsigned int; T1 = arma::mtOp<unsigned int, arma::mtOp<unsigned int, arma::Col<double>, arma::op_rel_eq>, arma::op_find>; out_eT = int; typename arma::arma_not_cx<in_eT>::result = unsigned int]' is deprecated: replace conv_to<...>::from(X) with as_scalar(X) [-Wdeprecated-declarations]
rcpp_coxph.h:377:44: warning: 'static out_eT arma::conv_to<out_eT>::from(const arma::Base<eT2, expr>&, const typename arma::arma_not_cx<in_eT>::result*) [with in_eT = unsigned int; T1 = arma::mtOp<unsigned int, arma::mtOp<unsigned int, arma::Col<double>, arma::op_rel_eq>, arma::op_find>; out_eT = int; typename arma::arma_not_cx<in_eT>::result = unsigned int]' is deprecated: replace conv_to<...>::from(X) with as_scalar(X) [-Wdeprecated-declarations]
See 'd:/Rcompile/CRANpkg/local/4.5/pda.Rcheck/00install.out' for details.
* used C++ compiler: 'g++.exe (GCC) 14.3.0'
Flavor: r-release-windows-x86_64
Version: 1.2.8
Check: whether package can be installed
Result: WARN
Found the following significant warnings:
rcpp_coxph.h:368:40: warning: 'static out_eT arma::conv_to<out_eT>::from(const arma::Base<eT2, expr>&, const typename arma::arma_not_cx<in_eT>::result*) [with in_eT = unsigned int; T1 = arma::mtOp<unsigned int, arma::mtOp<unsigned int, arma::Col<double>, arma::op_rel_eq>, arma::op_find>; out_eT = int; typename arma::arma_not_cx<in_eT>::result = unsigned int]' is deprecated: replace conv_to<...>::from(X) with as_scalar(X) [-Wdeprecated-declarations]
rcpp_coxph.h:377:44: warning: 'static out_eT arma::conv_to<out_eT>::from(const arma::Base<eT2, expr>&, const typename arma::arma_not_cx<in_eT>::result*) [with in_eT = unsigned int; T1 = arma::mtOp<unsigned int, arma::mtOp<unsigned int, arma::Col<double>, arma::op_rel_eq>, arma::op_find>; out_eT = int; typename arma::arma_not_cx<in_eT>::result = unsigned int]' is deprecated: replace conv_to<...>::from(X) with as_scalar(X) [-Wdeprecated-declarations]
See 'd:/Rcompile/CRANpkg/local/4.4/pda.Rcheck/00install.out' for details.
* used C++ compiler: 'g++.exe (GCC) 13.3.0'
Flavor: r-oldrel-windows-x86_64