Last updated on 2025-05-03 21:51:26 CEST.
Flavor | Version | Tinstall | Tcheck | Ttotal | Status | Flags |
---|---|---|---|---|---|---|
r-devel-linux-x86_64-debian-clang | 1.0.0 | 2.82 | 31.72 | 34.54 | NOTE | |
r-devel-linux-x86_64-debian-gcc | 1.0.0 | 1.99 | 25.28 | 27.27 | NOTE | |
r-devel-linux-x86_64-fedora-clang | 1.0.0 | 54.60 | OK | |||
r-devel-linux-x86_64-fedora-gcc | 1.0.0 | 66.51 | OK | |||
r-devel-windows-x86_64 | 1.0.0 | 3.00 | 57.00 | 60.00 | OK | |
r-patched-linux-x86_64 | 1.0.0 | 3.30 | 29.22 | 32.52 | OK | |
r-release-linux-x86_64 | OK | |||||
r-release-macos-arm64 | 1.0.0 | 28.00 | OK | |||
r-release-macos-x86_64 | 1.0.0 | 47.00 | OK | |||
r-release-windows-x86_64 | 1.0.0 | 4.00 | 53.00 | 57.00 | OK | |
r-oldrel-macos-arm64 | 1.0.0 | 26.00 | OK | |||
r-oldrel-macos-x86_64 | 1.0.0 | 38.00 | OK | |||
r-oldrel-windows-x86_64 | 1.0.0 | 4.00 | 59.00 | 63.00 | OK |
Version: 1.0.0
Check: CRAN incoming feasibility
Result: NOTE
Maintainer: ‘Stéphane Guerrier <stef.guerrier@gmail.com>’
The Description field contains
methods proposed in Guerrier et al. (2023) <arXiv:2012.10745>.
Please refer to arXiv e-prints via their arXiv DOI <doi:10.48550/arXiv.YYMM.NNNNN>.
Flavors: r-devel-linux-x86_64-debian-clang, r-devel-linux-x86_64-debian-gcc