Last updated on 2025-05-03 21:51:26 CEST.
Flavor | Version | Tinstall | Tcheck | Ttotal | Status | Flags |
---|---|---|---|---|---|---|
r-devel-linux-x86_64-debian-clang | 0.1.3 | 5.72 | 51.37 | 57.09 | NOTE | |
r-devel-linux-x86_64-debian-gcc | 0.1.3 | 3.59 | 36.57 | 40.16 | NOTE | |
r-devel-linux-x86_64-fedora-clang | 0.1.3 | 81.18 | OK | |||
r-devel-linux-x86_64-fedora-gcc | 0.1.3 | 99.33 | OK | |||
r-devel-windows-x86_64 | 0.1.3 | 8.00 | 71.00 | 79.00 | OK | |
r-patched-linux-x86_64 | 0.1.3 | 5.08 | 46.48 | 51.56 | OK | |
r-release-linux-x86_64 | OK | |||||
r-release-macos-arm64 | 0.1.3 | 32.00 | OK | |||
r-release-macos-x86_64 | 0.1.3 | 61.00 | OK | |||
r-release-windows-x86_64 | 0.1.3 | 7.00 | 66.00 | 73.00 | OK | |
r-oldrel-macos-arm64 | 0.1.3 | 30.00 | OK | |||
r-oldrel-macos-x86_64 | 0.1.3 | 49.00 | OK | |||
r-oldrel-windows-x86_64 | 0.1.3 | 9.00 | 77.00 | 86.00 | OK |
Version: 0.1.3
Check: CRAN incoming feasibility
Result: NOTE
Maintainer: ‘KM Gates <gateskm@email.unc.edu>’
No Authors@R field in DESCRIPTION.
Please add one, modifying
Authors@R: c(person(given = "KM",
family = "Gates",
role = c("aut", "cre"),
email = "gateskm@email.unc.edu"),
person(given = "Zachary",
family = "Fisher",
role = "aut"),
person(given = "Cara",
family = "Arizmendi",
role = "aut"))
as necessary.
Flavors: r-devel-linux-x86_64-debian-clang, r-devel-linux-x86_64-debian-gcc