Last updated on 2025-05-03 21:51:27 CEST.
Flavor | Version | Tinstall | Tcheck | Ttotal | Status | Flags |
---|---|---|---|---|---|---|
r-devel-linux-x86_64-debian-clang | 1.3.3 | 3.28 | 32.58 | 35.86 | NOTE | |
r-devel-linux-x86_64-debian-gcc | 1.3.3 | 2.24 | 25.14 | 27.38 | NOTE | |
r-devel-linux-x86_64-fedora-clang | 1.3.3 | 57.51 | OK | |||
r-devel-linux-x86_64-fedora-gcc | 1.3.3 | 69.32 | OK | |||
r-devel-windows-x86_64 | 1.3.3 | 5.00 | 59.00 | 64.00 | OK | |
r-patched-linux-x86_64 | 1.3.3 | 3.34 | 31.25 | 34.59 | OK | |
r-release-linux-x86_64 | OK | |||||
r-release-macos-arm64 | 1.3.3 | 29.00 | OK | |||
r-release-macos-x86_64 | 1.3.3 | 48.00 | OK | |||
r-release-windows-x86_64 | 1.3.3 | 4.00 | 66.00 | 70.00 | OK | |
r-oldrel-macos-arm64 | 1.3.3 | 25.00 | OK | |||
r-oldrel-macos-x86_64 | 1.3.3 | 38.00 | OK | |||
r-oldrel-windows-x86_64 | 1.3.3 | 4.00 | 66.00 | 70.00 | OK |
Version: 1.3.3
Check: CRAN incoming feasibility
Result: NOTE
Maintainer: ‘Dmitriy Bolotov <rpmmlsupport@softwareag.com>’
No Authors@R field in DESCRIPTION.
Please add one, modifying
Authors@R: c(person(given = "Tridivesh",
family = "Jena",
role = "aut"),
person(given = c("Wen", "Ching"),
family = "Lin",
role = "aut"),
person(given = "Dmitriy",
family = "Bolotov",
role = c("aut", "cre"),
email = "rpmmlsupport@softwareag.com"))
as necessary.
Flavors: r-devel-linux-x86_64-debian-clang, r-devel-linux-x86_64-debian-gcc