Last updated on 2025-07-25 21:49:50 CEST.
Flavor | Version | Tinstall | Tcheck | Ttotal | Status | Flags |
---|---|---|---|---|---|---|
r-devel-linux-x86_64-debian-clang | 1.3.3 | 3.46 | 32.59 | 36.05 | NOTE | |
r-devel-linux-x86_64-debian-gcc | 1.3.3 | 2.20 | 25.64 | 27.84 | NOTE | |
r-devel-linux-x86_64-fedora-clang | 1.3.3 | 57.81 | OK | |||
r-devel-linux-x86_64-fedora-gcc | 1.3.3 | 67.33 | OK | |||
r-devel-windows-x86_64 | 1.3.3 | 5.00 | 69.00 | 74.00 | OK | |
r-patched-linux-x86_64 | 1.3.3 | 3.43 | 30.86 | 34.29 | OK | |
r-release-linux-x86_64 | 1.3.3 | 2.93 | 31.03 | 33.96 | OK | |
r-release-macos-arm64 | 1.3.3 | 29.00 | OK | |||
r-release-macos-x86_64 | 1.3.3 | 48.00 | OK | |||
r-release-windows-x86_64 | 1.3.3 | 4.00 | 60.00 | 64.00 | OK | |
r-oldrel-macos-arm64 | 1.3.3 | 25.00 | OK | |||
r-oldrel-macos-x86_64 | 1.3.3 | 38.00 | OK | |||
r-oldrel-windows-x86_64 | 1.3.3 | 4.00 | 64.00 | 68.00 | OK |
Version: 1.3.3
Check: CRAN incoming feasibility
Result: NOTE
Maintainer: ‘Dmitriy Bolotov <rpmmlsupport@softwareag.com>’
No Authors@R field in DESCRIPTION.
Please add one, modifying
Authors@R: c(person(given = "Tridivesh",
family = "Jena",
role = "aut"),
person(given = c("Wen", "Ching"),
family = "Lin",
role = "aut"),
person(given = "Dmitriy",
family = "Bolotov",
role = c("aut", "cre"),
email = "rpmmlsupport@softwareag.com"))
as necessary.
Flavors: r-devel-linux-x86_64-debian-clang, r-devel-linux-x86_64-debian-gcc