Last updated on 2024-06-16 11:58:03 CEST.
Flavor | Version | Tinstall | Tcheck | Ttotal | Status | Flags |
---|---|---|---|---|---|---|
r-devel-linux-x86_64-debian-clang | 0.1.2 | 19.24 | 96.97 | 116.21 | OK | |
r-devel-linux-x86_64-debian-gcc | 0.1.3 | 12.16 | 69.75 | 81.91 | OK | |
r-devel-linux-x86_64-fedora-clang | 0.1.3 | 148.68 | NOTE | |||
r-devel-linux-x86_64-fedora-gcc | 0.1.3 | 147.68 | OK | |||
r-devel-windows-x86_64 | 0.1.2 | 14.00 | 90.00 | 104.00 | OK | |
r-patched-linux-x86_64 | 0.1.2 | 16.62 | 91.23 | 107.85 | OK | |
r-release-linux-x86_64 | 0.1.2 | 10.24 | 91.52 | 101.76 | OK | |
r-release-macos-arm64 | 0.1.3 | 44.00 | OK | |||
r-release-macos-x86_64 | 0.1.3 | 110.00 | OK | |||
r-release-windows-x86_64 | 0.1.3 | 15.00 | 87.00 | 102.00 | OK | |
r-oldrel-macos-arm64 | 0.1.3 | 49.00 | OK | |||
r-oldrel-macos-x86_64 | 0.1.3 | 85.00 | OK | |||
r-oldrel-windows-x86_64 | 0.1.3 | 21.00 | 103.00 | 124.00 | OK |
Version: 0.1.3
Check: package dependencies
Result: NOTE
Imports includes 21 non-default packages.
Importing from so many packages makes the package vulnerable to any of
them becoming unavailable. Move as many as possible to Suggests and
use conditionally.
Flavor: r-devel-linux-x86_64-fedora-clang