Last updated on 2025-05-03 21:51:27 CEST.
Flavor | Version | Tinstall | Tcheck | Ttotal | Status | Flags |
---|---|---|---|---|---|---|
r-devel-linux-x86_64-debian-clang | 2.0.2 | 15.24 | 132.34 | 147.58 | NOTE | |
r-devel-linux-x86_64-debian-gcc | 2.0.2 | 11.22 | 95.19 | 106.41 | NOTE | |
r-devel-linux-x86_64-fedora-clang | 2.0.2 | 220.06 | OK | |||
r-devel-linux-x86_64-fedora-gcc | 2.0.2 | 229.23 | OK | |||
r-devel-windows-x86_64 | 2.0.2 | 16.00 | 126.00 | 142.00 | OK | |
r-patched-linux-x86_64 | 2.0.2 | 13.70 | 126.21 | 139.91 | OK | |
r-release-linux-x86_64 | OK | |||||
r-release-macos-arm64 | 2.0.2 | 82.00 | OK | |||
r-release-macos-x86_64 | 2.0.2 | 123.00 | OK | |||
r-release-windows-x86_64 | 2.0.2 | 16.00 | 125.00 | 141.00 | OK | |
r-oldrel-macos-arm64 | 2.0.2 | 60.00 | OK | |||
r-oldrel-macos-x86_64 | 2.0.2 | 88.00 | OK | |||
r-oldrel-windows-x86_64 | 2.0.2 | 22.00 | 162.00 | 184.00 | OK |
Version: 2.0.2
Check: CRAN incoming feasibility
Result: NOTE
Maintainer: ‘Marieke van der Maaten-Theunissen <marieke.theunissen@tu-dresden.de>’
No Authors@R field in DESCRIPTION.
Please add one, modifying
Authors@R: c(person(given = "Marieke",
family = "van der Maaten-Theunissen",
role = c("aut", "cph", "cre", "trl"),
email = "marieke.theunissen@tu-dresden.de"),
person(given = "Ernst",
family = "van der Maaten",
role = c("aut", "trl")),
person(given = "Gottfried",
family = "Jetsckhe",
role = c("aut", "trl")),
person(given = "Mario",
family = "Trouillier",
role = c("aut", "trl")))
as necessary.
Flavors: r-devel-linux-x86_64-debian-clang, r-devel-linux-x86_64-debian-gcc