Last updated on 2024-06-17 06:50:27 CEST.
Flavor | Version | Tinstall | Tcheck | Ttotal | Status | Flags |
---|---|---|---|---|---|---|
r-devel-linux-x86_64-debian-clang | 0.9.3 | 12.23 | 137.45 | 149.68 | OK | |
r-devel-linux-x86_64-debian-gcc | 0.9.3 | 10.13 | 104.44 | 114.57 | OK | |
r-devel-linux-x86_64-fedora-clang | 0.9.3 | 191.66 | NOTE | |||
r-devel-linux-x86_64-fedora-gcc | 0.9.3 | 191.14 | NOTE | |||
r-devel-windows-x86_64 | 0.9.3 | 11.00 | 117.00 | 128.00 | OK | |
r-patched-linux-x86_64 | 0.9.3 | 16.47 | 135.68 | 152.15 | OK | |
r-release-linux-x86_64 | 0.9.3 | 10.59 | 135.08 | 145.67 | OK | |
r-release-macos-arm64 | 0.9.3 | 54.00 | OK | |||
r-release-macos-x86_64 | 0.9.3 | 91.00 | OK | |||
r-release-windows-x86_64 | 0.9.3 | 12.00 | 118.00 | 130.00 | OK | |
r-oldrel-macos-arm64 | 0.9.3 | 60.00 | OK | |||
r-oldrel-macos-x86_64 | 0.9.3 | 142.00 | OK | |||
r-oldrel-windows-x86_64 | 0.9.3 | 15.00 | 142.00 | 157.00 | OK |
Version: 0.9.3
Check: data for non-ASCII characters
Result: NOTE
Note: found 52 marked UTF-8 strings
Flavors: r-devel-linux-x86_64-fedora-clang, r-devel-linux-x86_64-fedora-gcc