Last updated on 2024-06-17 06:50:27 CEST.
Flavor | Version | Tinstall | Tcheck | Ttotal | Status | Flags |
---|---|---|---|---|---|---|
r-devel-linux-x86_64-debian-clang | 1.4 | 18.39 | 309.84 | 328.23 | OK | |
r-devel-linux-x86_64-debian-gcc | 1.4 | 12.79 | 295.80 | 308.59 | OK | |
r-devel-linux-x86_64-fedora-clang | 1.4 | 494.68 | NOTE | |||
r-devel-linux-x86_64-fedora-gcc | 1.4 | 469.60 | OK | |||
r-devel-windows-x86_64 | 1.4 | 14.00 | 238.00 | 252.00 | OK | |
r-patched-linux-x86_64 | 1.4 | 22.65 | 361.28 | 383.93 | OK | |
r-release-linux-x86_64 | 1.4 | 12.02 | 361.29 | 373.31 | OK | |
r-release-macos-arm64 | 1.4 | 116.00 | OK | |||
r-release-macos-x86_64 | 1.4 | 187.00 | OK | |||
r-release-windows-x86_64 | 1.4 | 13.00 | 239.00 | 252.00 | OK | |
r-oldrel-macos-arm64 | 1.4 | 121.00 | OK | |||
r-oldrel-macos-x86_64 | 1.4 | 279.00 | OK | |||
r-oldrel-windows-x86_64 | 1.4 | 17.00 | 302.00 | 319.00 | OK |
Version: 1.4
Check: Rd cross-references
Result: NOTE
Undeclared package ‘modelObj’ in Rd xrefs
Flavor: r-devel-linux-x86_64-fedora-clang