CRAN Package Check Results for Package pooling

Last updated on 2025-05-03 12:54:50 CEST.

Flavor Version Tinstall Tcheck Ttotal Status Flags
r-devel-linux-x86_64-debian-clang 1.1.2 18.75 131.63 150.38 NOTE
r-devel-linux-x86_64-debian-gcc 1.1.2 12.10 90.91 103.01 NOTE
r-devel-linux-x86_64-fedora-clang 1.1.2 227.82 OK
r-devel-linux-x86_64-fedora-gcc 1.1.2 223.23 OK
r-devel-windows-x86_64 1.1.2 18.00 136.00 154.00 NOTE
r-patched-linux-x86_64 1.1.2 17.89 124.65 142.54 NOTE
r-release-linux-x86_64 NOTE
r-release-macos-arm64 1.1.2 62.00 OK
r-release-macos-x86_64 1.1.2 128.00 OK
r-release-windows-x86_64 1.1.2 18.00 136.00 154.00 NOTE
r-oldrel-macos-arm64 1.1.2 60.00 OK
r-oldrel-macos-x86_64 1.1.2 88.00 OK
r-oldrel-windows-x86_64 1.1.2 25.00 175.00 200.00 OK

Check Details

Version: 1.1.2
Check: CRAN incoming feasibility
Result: NOTE Maintainer: ‘Dane R. Van Domelen <vandomed@gmail.com>’ No Authors@R field in DESCRIPTION. Please add one, modifying Authors@R: person(given = c("Dane", "R."), family = "Van Domelen", role = c("aut", "cre"), email = "vandomed@gmail.com") as necessary. Flavors: r-devel-linux-x86_64-debian-clang, r-devel-linux-x86_64-debian-gcc

Version: 1.1.2
Check: Rd cross-references
Result: NOTE Found the following Rd file(s) with Rd \link{} targets missing package anchors: p_dfa_xerrors2.Rd: hcubature Please provide package anchors for all Rd \link{} targets not in the package itself and the base packages. Flavors: r-devel-linux-x86_64-debian-clang, r-devel-linux-x86_64-debian-gcc, r-devel-windows-x86_64, r-patched-linux-x86_64, r-release-linux-x86_64, r-release-windows-x86_64