Last updated on 2025-05-03 12:54:50 CEST.
Flavor | Version | Tinstall | Tcheck | Ttotal | Status | Flags |
---|---|---|---|---|---|---|
r-devel-linux-x86_64-debian-clang | 0.1.0.1 | 1.57 | 18.39 | 19.96 | OK | |
r-devel-linux-x86_64-debian-gcc | 0.1.0.1 | 1.29 | 15.38 | 16.67 | OK | |
r-devel-linux-x86_64-fedora-clang | 0.1.0.1 | 29.24 | OK | |||
r-devel-linux-x86_64-fedora-gcc | 0.1.0.1 | 28.92 | OK | |||
r-devel-windows-x86_64 | 0.1.0.1 | 3.00 | 40.00 | 43.00 | OK | |
r-patched-linux-x86_64 | 0.1.0.1 | 1.46 | 16.72 | 18.18 | OK | |
r-release-linux-x86_64 | OK | |||||
r-release-macos-arm64 | 0.1.0.1 | 16.00 | OK | |||
r-release-macos-x86_64 | 0.1.0.1 | 22.00 | OK | |||
r-release-windows-x86_64 | 0.1.0.1 | 2.00 | 40.00 | 42.00 | OK | |
r-oldrel-macos-arm64 | 0.1.0.1 | 16.00 | NOTE | |||
r-oldrel-macos-x86_64 | 0.1.0.1 | 21.00 | NOTE | |||
r-oldrel-windows-x86_64 | 0.1.0.1 | 2.00 | 42.00 | 44.00 | NOTE |
Version: 0.1.0.1
Check: LazyData
Result: NOTE
'LazyData' is specified without a 'data' directory
Flavors: r-oldrel-macos-arm64, r-oldrel-macos-x86_64, r-oldrel-windows-x86_64