Last updated on 2025-05-03 12:54:50 CEST.
Flavor | Version | Tinstall | Tcheck | Ttotal | Status | Flags |
---|---|---|---|---|---|---|
r-devel-linux-x86_64-debian-clang | 0.0.3 | 15.35 | 74.79 | 90.14 | NOTE | |
r-devel-linux-x86_64-debian-gcc | 0.0.3 | 9.88 | 53.51 | 63.39 | NOTE | |
r-devel-linux-x86_64-fedora-clang | 0.0.3 | 130.06 | NOTE | |||
r-devel-linux-x86_64-fedora-gcc | 0.0.3 | 150.43 | NOTE | |||
r-devel-windows-x86_64 | 0.0.3 | 20.00 | 100.00 | 120.00 | NOTE | |
r-patched-linux-x86_64 | 0.0.3 | 14.58 | 67.66 | 82.24 | NOTE | |
r-release-linux-x86_64 | NOTE | |||||
r-release-macos-arm64 | 0.0.3 | 50.00 | NOTE | |||
r-release-macos-x86_64 | 0.0.3 | 82.00 | NOTE | |||
r-release-windows-x86_64 | 0.0.3 | 20.00 | 98.00 | 118.00 | NOTE | |
r-oldrel-macos-arm64 | 0.0.3 | 52.00 | NOTE | |||
r-oldrel-macos-x86_64 | 0.0.3 | 69.00 | NOTE | |||
r-oldrel-windows-x86_64 | 0.0.3 | 23.00 | 125.00 | 148.00 | NOTE |
Version: 0.0.3
Check: CRAN incoming feasibility
Result: NOTE
Maintainer: ‘Amin Adibi <adibi@alumni.ubc.ca>’
The Description field contains
<arXiv:2003.00316>.
Please refer to arXiv e-prints via their arXiv DOI <doi:10.48550/arXiv.YYMM.NNNNN>.
Flavors: r-devel-linux-x86_64-debian-clang, r-devel-linux-x86_64-debian-gcc
Version: 0.0.3
Check: Rd files
Result: NOTE
checkRd: (-1) dev_data.Rd:10: Lost braces in \itemize; meant \describe ?
checkRd: (-1) dev_data.Rd:11: Lost braces in \itemize; meant \describe ?
checkRd: (-1) dev_data.Rd:12: Lost braces in \itemize; meant \describe ?
checkRd: (-1) dev_data.Rd:13: Lost braces in \itemize; meant \describe ?
checkRd: (-1) dev_data.Rd:14: Lost braces in \itemize; meant \describe ?
checkRd: (-1) gusto.Rd:10: Lost braces in \itemize; meant \describe ?
checkRd: (-1) gusto.Rd:11: Lost braces in \itemize; meant \describe ?
checkRd: (-1) gusto.Rd:12: Lost braces in \itemize; meant \describe ?
checkRd: (-1) gusto.Rd:13: Lost braces in \itemize; meant \describe ?
checkRd: (-1) gusto.Rd:14: Lost braces in \itemize; meant \describe ?
checkRd: (-1) val_data.Rd:10: Lost braces in \itemize; meant \describe ?
checkRd: (-1) val_data.Rd:11: Lost braces in \itemize; meant \describe ?
checkRd: (-1) val_data.Rd:12: Lost braces in \itemize; meant \describe ?
checkRd: (-1) val_data.Rd:13: Lost braces in \itemize; meant \describe ?
checkRd: (-1) val_data.Rd:14: Lost braces in \itemize; meant \describe ?
Flavors: r-devel-linux-x86_64-debian-clang, r-devel-linux-x86_64-debian-gcc, r-devel-linux-x86_64-fedora-clang, r-devel-linux-x86_64-fedora-gcc, r-devel-windows-x86_64, r-patched-linux-x86_64, r-release-linux-x86_64, r-release-macos-arm64, r-release-macos-x86_64, r-release-windows-x86_64, r-oldrel-macos-arm64, r-oldrel-macos-x86_64, r-oldrel-windows-x86_64