Last updated on 2025-11-24 21:50:26 CET.
| Flavor | Version | Tinstall | Tcheck | Ttotal | Status | Flags |
|---|---|---|---|---|---|---|
| r-devel-linux-x86_64-debian-clang | 0.1.1 | 2.87 | 44.22 | 47.09 | OK | |
| r-devel-linux-x86_64-debian-gcc | 0.1.1 | 1.84 | 33.86 | 35.70 | OK | |
| r-devel-linux-x86_64-fedora-clang | 0.1.1 | 74.49 | OK | |||
| r-devel-linux-x86_64-fedora-gcc | 0.1.1 | 18.00 | 54.63 | 72.63 | OK | |
| r-devel-windows-x86_64 | 0.1.1 | 7.00 | 71.00 | 78.00 | OK | |
| r-patched-linux-x86_64 | 0.1.1 | 3.33 | 41.85 | 45.18 | OK | |
| r-release-linux-x86_64 | 0.1.1 | 2.73 | 41.89 | 44.62 | OK | |
| r-release-macos-arm64 | 0.1.1 | OK | ||||
| r-release-macos-x86_64 | 0.1.1 | 2.00 | 43.00 | 45.00 | OK | |
| r-release-windows-x86_64 | 0.1.1 | 5.00 | 81.00 | 86.00 | OK | |
| r-oldrel-macos-arm64 | 0.1.1 | NOTE | ||||
| r-oldrel-macos-x86_64 | 0.1.1 | 2.00 | 32.00 | 34.00 | NOTE | |
| r-oldrel-windows-x86_64 | 0.1.1 | 7.00 | 81.00 | 88.00 | NOTE |
Version: 0.1.1
Check: LazyData
Result: NOTE
'LazyData' is specified without a 'data' directory
Flavors: r-oldrel-macos-arm64, r-oldrel-macos-x86_64, r-oldrel-windows-x86_64