Last updated on 2025-05-06 21:52:10 CEST.
Flavor | Version | Tinstall | Tcheck | Ttotal | Status | Flags |
---|---|---|---|---|---|---|
r-devel-linux-x86_64-debian-clang | 1.1.0 | 7.27 | 56.18 | 63.45 | NOTE | |
r-devel-linux-x86_64-debian-gcc | 1.1.0 | 5.02 | 43.13 | 48.15 | NOTE | |
r-devel-linux-x86_64-fedora-clang | 1.1.0 | 99.15 | OK | |||
r-devel-linux-x86_64-fedora-gcc | 1.1.0 | 94.76 | OK | |||
r-devel-windows-x86_64 | 1.1.0 | 8.00 | 68.00 | 76.00 | OK | |
r-patched-linux-x86_64 | 1.1.0 | 6.50 | 54.90 | 61.40 | OK | |
r-release-linux-x86_64 | 1.1.0 | 6.90 | 54.09 | 60.99 | OK | |
r-release-macos-arm64 | 1.1.0 | 37.00 | OK | |||
r-release-macos-x86_64 | 1.1.0 | 57.00 | OK | |||
r-release-windows-x86_64 | 1.1.0 | 7.00 | 69.00 | 76.00 | OK | |
r-oldrel-macos-arm64 | 1.1.0 | 30.00 | OK | |||
r-oldrel-macos-x86_64 | 1.1.0 | 45.00 | OK | |||
r-oldrel-windows-x86_64 | 1.1.0 | 10.00 | 81.00 | 91.00 | OK |
Version: 1.1.0
Check: CRAN incoming feasibility
Result: NOTE
Maintainer: ‘Gustavo Soutinho <gustavosoutinho@sapo.pt>’
No Authors@R field in DESCRIPTION.
Please add one, modifying
Authors@R: c(person(given = "Gustavo",
family = "Soutinho",
role = c("aut", "cre"),
email = "gustavosoutinho@sapo.pt"),
person(given = "Luis",
family = "Meira-Machado",
role = "aut"),
person(given = "Pedro",
family = "Oliveira",
role = "aut"))
as necessary.
Flavors: r-devel-linux-x86_64-debian-clang, r-devel-linux-x86_64-debian-gcc